Last updated on 2023-12-06 18:53:02 CET.
Flavor | Version | Tinstall | Tcheck | Ttotal | Status | Flags |
---|---|---|---|---|---|---|
r-devel-linux-x86_64-debian-clang | 0.6.6 | 17.59 | 70.41 | 88.00 | OK | |
r-devel-linux-x86_64-debian-gcc | 0.6.6 | 14.44 | 53.31 | 67.75 | OK | |
r-devel-linux-x86_64-fedora-clang | 0.6.6 | 111.08 | NOTE | |||
r-devel-linux-x86_64-fedora-gcc | 0.6.6 | 105.86 | NOTE | |||
r-devel-windows-x86_64 | 0.6.6 | 17.00 | 78.00 | 95.00 | OK | |
r-patched-linux-x86_64 | 0.6.6 | 19.03 | 67.76 | 86.79 | OK | |
r-release-linux-x86_64 | 0.6.6 | 17.31 | 65.76 | 83.07 | OK | |
r-release-macos-arm64 | 0.6.6 | 35.00 | OK | |||
r-release-macos-x86_64 | 0.6.6 | 53.00 | NOTE | |||
r-release-windows-x86_64 | 0.6.6 | 23.00 | 88.00 | 111.00 | OK | |
r-oldrel-macos-arm64 | 0.6.6 | 37.00 | NOTE | |||
r-oldrel-macos-x86_64 | 0.6.6 | 51.00 | NOTE | |||
r-oldrel-windows-x86_64 | 0.6.6 | 21.00 | 85.00 | 106.00 | OK |
Version: 0.6.6
Check: data for non-ASCII characters
Result: NOTE
Note: found 100 marked Latin-1 strings
Note: found 548 marked UTF-8 strings
Flavors: r-devel-linux-x86_64-fedora-clang, r-devel-linux-x86_64-fedora-gcc, r-oldrel-macos-arm64, r-oldrel-macos-x86_64
Version: 0.6.6
Check: installed package size
Result: NOTE
installed size is 5.1Mb
sub-directories of 1Mb or more:
data 4.7Mb
Flavors: r-release-macos-x86_64, r-oldrel-macos-arm64