Last updated on 2023-12-10 18:52:28 CET.
Flavor | Version | Tinstall | Tcheck | Ttotal | Status | Flags |
---|---|---|---|---|---|---|
r-devel-linux-x86_64-debian-clang | 1.1.0 | 7.31 | 84.02 | 91.33 | NOTE | |
r-devel-linux-x86_64-debian-gcc | 1.1.0 | 6.10 | 63.23 | 69.33 | NOTE | |
r-devel-linux-x86_64-fedora-clang | 1.1.0 | 113.74 | OK | |||
r-devel-linux-x86_64-fedora-gcc | 1.1.0 | 122.75 | OK | |||
r-devel-windows-x86_64 | 1.1.0 | 8.00 | 115.00 | 123.00 | OK | |
r-patched-linux-x86_64 | 1.1.0 | 8.63 | 82.35 | 90.98 | OK | |
r-release-linux-x86_64 | 1.1.0 | 5.95 | 82.19 | 88.14 | OK | |
r-release-macos-arm64 | 1.1.0 | 62.00 | OK | |||
r-release-macos-x86_64 | 1.1.0 | 99.00 | OK | |||
r-release-windows-x86_64 | 1.1.0 | 11.00 | 130.00 | 141.00 | OK | |
r-oldrel-macos-arm64 | 1.1.0 | 56.00 | OK | |||
r-oldrel-macos-x86_64 | 1.1.0 | 77.00 | OK | |||
r-oldrel-windows-x86_64 | 1.1.0 | 11.00 | 113.00 | 124.00 | OK |
Version: 1.1.0
Check: Rd files
Result: NOTE
checkRd: (-1) norm_bin.Rd:18: Lost braces in \itemize; meant \describe ?
checkRd: (-1) norm_bin.Rd:19: Lost braces in \itemize; meant \describe ?
Flavors: r-devel-linux-x86_64-debian-clang, r-devel-linux-x86_64-debian-gcc