CRAN Package Check Results for Package toweranNA

Last updated on 2024-04-21 20:53:40 CEST.

Flavor Version Tinstall Tcheck Ttotal Status Flags
r-devel-linux-x86_64-debian-clang 0.1.0 12.57 113.30 125.87 OK
r-devel-linux-x86_64-debian-gcc 0.1.0 9.52 83.96 93.48 OK
r-devel-linux-x86_64-fedora-clang 0.1.0 164.22 NOTE
r-devel-linux-x86_64-fedora-gcc 0.1.0 149.38 OK
r-prerel-macos-arm64 0.1.0 44.00 OK
r-prerel-windows-x86_64 0.1.0 12.00 94.00 106.00 OK
r-patched-linux-x86_64 0.1.0 8.65 109.96 118.61 OK
r-release-linux-x86_64 0.1.0 12.27 110.11 122.38 OK
r-release-macos-arm64 0.1.0 49.00 OK
r-release-macos-x86_64 0.1.0 78.00 OK
r-release-windows-x86_64 0.1.0 16.00 112.00 128.00 OK
r-oldrel-macos-arm64 0.1.0 41.00 OK
r-oldrel-windows-x86_64 0.1.0 16.00 113.00 129.00 OK

Check Details

Version: 0.1.0
Check: whether startup messages can be suppressed
Result: NOTE OMP: Warning #96: Cannot form a team with 24 threads, using 2 instead. OMP: Hint Consider unsetting KMP_DEVICE_THREAD_LIMIT (KMP_ALL_THREADS), KMP_TEAMS_THREAD_LIMIT, and OMP_THREAD_LIMIT (if any are set). It looks like this package (or a package it requires) has a startup message which cannot be suppressed: see ?packageStartupMessage. Flavor: r-devel-linux-x86_64-fedora-clang