CRAN Package Check Results for Package toxSummary

Last updated on 2024-06-12 20:59:18 CEST.

Flavor Version Tinstall Tcheck Ttotal Status Flags
r-devel-linux-x86_64-debian-clang 1.0.0 14.30 73.99 88.29 OK
r-devel-linux-x86_64-debian-gcc 1.0.0 0.77 1.87 2.64 ERROR
r-devel-linux-x86_64-fedora-clang 1.0.0 111.66 OK
r-devel-linux-x86_64-fedora-gcc 1.0.0 119.73 OK
r-devel-windows-x86_64 1.0.0 11.00 69.00 80.00 OK
r-patched-linux-x86_64 1.0.0 7.79 70.68 78.47 OK
r-release-linux-x86_64 1.0.0 8.00 70.50 78.50 OK
r-release-macos-arm64 1.0.0 40.00 OK
r-release-macos-x86_64 1.0.0 57.00 OK
r-release-windows-x86_64 1.0.0 14.00 76.00 90.00 OK
r-oldrel-macos-arm64 1.0.0 42.00 OK
r-oldrel-macos-x86_64 1.0.0 82.00 OK
r-oldrel-windows-x86_64 1.0.0 16.00 79.00 95.00 OK

Check Details

Version: 1.0.0
Check: package dependencies
Result: ERROR Packages required but not available: 'dplyr', 'ggiraph', 'ggplot2', 'patchwork', 'RSQLite', 'stringr' See section ‘The DESCRIPTION file’ in the ‘Writing R Extensions’ manual. Flavor: r-devel-linux-x86_64-debian-gcc