CRAN Package Check Results for Package trackdown

Last updated on 2024-06-12 20:59:18 CEST.

Flavor Version Tinstall Tcheck Ttotal Status Flags
r-devel-linux-x86_64-debian-clang 1.1.1 4.24 41.23 45.47 OK
r-devel-linux-x86_64-debian-gcc 1.1.1 0.80 1.85 2.65 ERROR
r-devel-linux-x86_64-fedora-clang 1.1.1 56.44 OK
r-devel-linux-x86_64-fedora-gcc 1.1.1 68.28 OK
r-devel-windows-x86_64 1.1.1 5.00 52.00 57.00 OK
r-patched-linux-x86_64 1.1.1 3.16 38.90 42.06 OK
r-release-linux-x86_64 1.1.1 3.92 38.82 42.74 OK
r-release-macos-arm64 1.1.1 33.00 OK
r-release-macos-x86_64 1.1.1 42.00 OK
r-release-windows-x86_64 1.1.1 5.00 55.00 60.00 OK
r-oldrel-macos-arm64 1.1.1 33.00 OK
r-oldrel-macos-x86_64 1.1.1 41.00 OK
r-oldrel-windows-x86_64 1.1.1 5.00 55.00 60.00 OK

Check Details

Version: 1.1.1
Check: package dependencies
Result: ERROR Package required but not available: ‘googledrive’ Packages suggested but not available for checking: 'devtools', 'testthat' See section ‘The DESCRIPTION file’ in the ‘Writing R Extensions’ manual. Flavor: r-devel-linux-x86_64-debian-gcc