CRAN Package Check Results for Package trajectories

Last updated on 2024-02-27 18:49:31 CET.

Flavor Version Tinstall Tcheck Ttotal Status Flags
r-devel-linux-x86_64-debian-clang 0.2-8 10.72 178.20 188.92 NOTE
r-devel-linux-x86_64-debian-gcc 0.2-8 10.14 130.93 141.07 NOTE
r-devel-linux-x86_64-fedora-clang 0.2-8 234.00 NOTE
r-devel-linux-x86_64-fedora-gcc 0.2-8 237.91 NOTE
r-devel-windows-x86_64 0.2-8 12.00 174.00 186.00 NOTE
r-patched-linux-x86_64 0.2-8 15.75 173.57 189.32 NOTE
r-release-linux-x86_64 0.2-8 10.31 169.28 179.59 NOTE
r-release-macos-arm64 0.2-8 78.00 NOTE
r-release-macos-x86_64 0.2-8 190.00 NOTE
r-release-windows-x86_64 0.2-8 16.00 203.00 219.00 NOTE
r-oldrel-macos-arm64 0.2-8 76.00 NOTE
r-oldrel-windows-x86_64 0.2-8 17.00 213.00 230.00 NOTE

Check Details

Version: 0.2-8
Check: package dependencies
Result: NOTE Package suggested but not available for checking: ‘taxidata’ Flavors: r-devel-linux-x86_64-debian-clang, r-devel-linux-x86_64-debian-gcc, r-devel-linux-x86_64-fedora-clang, r-devel-linux-x86_64-fedora-gcc, r-devel-windows-x86_64, r-patched-linux-x86_64, r-release-linux-x86_64, r-release-macos-arm64, r-release-macos-x86_64, r-release-windows-x86_64, r-oldrel-macos-arm64, r-oldrel-windows-x86_64