Last updated on 2023-11-30 18:49:48 CET.
Flavor | Version | Tinstall | Tcheck | Ttotal | Status | Flags |
---|---|---|---|---|---|---|
r-devel-linux-x86_64-debian-clang | 0.1.1 | 6.05 | 59.02 | 65.07 | NOTE | |
r-devel-linux-x86_64-debian-gcc | 0.1.1 | 4.46 | 45.14 | 49.60 | NOTE | |
r-devel-linux-x86_64-fedora-clang | 0.1.1 | 80.49 | NOTE | |||
r-devel-linux-x86_64-fedora-gcc | 0.1.1 | 88.51 | NOTE | |||
r-devel-windows-x86_64 | 0.1.1 | 6.00 | 73.00 | 79.00 | OK | |
r-patched-linux-x86_64 | 0.1.1 | 3.26 | 56.12 | 59.38 | OK | |
r-release-linux-x86_64 | 0.1.1 | 3.55 | 56.44 | 59.99 | OK | |
r-release-macos-arm64 | 0.1.1 | 45.00 | OK | |||
r-release-macos-x86_64 | 0.1.1 | 53.00 | OK | |||
r-release-windows-x86_64 | 0.1.1 | 8.00 | 79.00 | 87.00 | OK | |
r-oldrel-macos-arm64 | 0.1.1 | 30.00 | NOTE | |||
r-oldrel-macos-x86_64 | 0.1.1 | 45.00 | NOTE | |||
r-oldrel-windows-x86_64 | 0.1.1 | 8.00 | 77.00 | 85.00 | OK |
Version: 0.1.1
Check: Rd files
Result: NOTE
checkRd: (-1) nlp_scores.Rd:31-35: Lost braces in \itemize; meant \describe ?
checkRd: (-1) nlp_scores.Rd:38-40: Lost braces in \itemize; meant \describe ?
checkRd: (-1) nlp_scores.Rd:43-44: Lost braces in \itemize; meant \describe ?
checkRd: (-1) nlp_scores.Rd:47-51: Lost braces in \itemize; meant \describe ?
checkRd: (-1) nlp_scores.Rd:54-56: Lost braces in \itemize; meant \describe ?
checkRd: (-1) nlp_scores.Rd:59-60: Lost braces in \itemize; meant \describe ?
checkRd: (-1) transformer_scores.Rd:37-41: Lost braces in \itemize; meant \describe ?
checkRd: (-1) transformer_scores.Rd:44-51: Lost braces in \itemize; meant \describe ?
checkRd: (-1) transformer_scores.Rd:54-57: Lost braces in \itemize; meant \describe ?
Flavors: r-devel-linux-x86_64-debian-clang, r-devel-linux-x86_64-debian-gcc
Version: 0.1.1
Check: data for non-ASCII characters
Result: NOTE
Note: found 827 marked UTF-8 strings
Flavors: r-devel-linux-x86_64-fedora-clang, r-devel-linux-x86_64-fedora-gcc, r-oldrel-macos-arm64, r-oldrel-macos-x86_64