Last updated on 2023-11-29 18:49:05 CET.
Flavor | Version | Tinstall | Tcheck | Ttotal | Status | Flags |
---|---|---|---|---|---|---|
r-devel-linux-x86_64-debian-clang | 0.1.0 | 54.06 | 38.51 | 92.57 | OK | |
r-devel-linux-x86_64-debian-gcc | 0.1.0 | 37.95 | 30.07 | 68.02 | OK | |
r-devel-linux-x86_64-fedora-clang | 0.1.0 | 134.74 | OK | |||
r-devel-linux-x86_64-fedora-gcc | 0.1.0 | 134.02 | OK | |||
r-devel-windows-x86_64 | 0.1.0 | 45.00 | 67.00 | 112.00 | OK | |
r-patched-linux-x86_64 | 0.1.0 | 44.76 | 38.60 | 83.36 | OK | |
r-release-linux-x86_64 | 0.1.0 | 44.14 | 38.88 | 83.02 | OK | |
r-release-macos-arm64 | 0.1.0 | 39.00 | NOTE | |||
r-release-macos-x86_64 | 0.1.0 | 57.00 | NOTE | |||
r-release-windows-x86_64 | 0.1.0 | 57.00 | 81.00 | 138.00 | OK | |
r-oldrel-macos-arm64 | 0.1.0 | 36.00 | NOTE | |||
r-oldrel-macos-x86_64 | 0.1.0 | 46.00 | NOTE | |||
r-oldrel-windows-x86_64 | 0.1.0 | 52.00 | 74.00 | 126.00 | OK |
Version: 0.1.0
Check: installed package size
Result: NOTE
installed size is 8.4Mb
sub-directories of 1Mb or more:
libs 8.2Mb
Flavors: r-release-macos-arm64, r-release-macos-x86_64, r-oldrel-macos-arm64, r-oldrel-macos-x86_64