CRAN Package Check Results for Package treemapify

Last updated on 2024-06-13 20:49:31 CEST.

Flavor Version Tinstall Tcheck Ttotal Status Flags
r-devel-linux-x86_64-debian-clang 2.5.6 7.58 73.55 81.13 OK
r-devel-linux-x86_64-debian-gcc 2.5.6 0.52 1.84 2.36 ERROR
r-devel-linux-x86_64-fedora-clang 2.5.6 102.91 OK
r-devel-linux-x86_64-fedora-gcc 2.5.6 109.85 OK
r-devel-windows-x86_64 2.5.6 7.00 71.00 78.00 OK
r-patched-linux-x86_64 2.5.6 5.31 71.49 76.80 OK
r-release-linux-x86_64 2.5.6 5.84 69.78 75.62 OK
r-release-macos-arm64 2.5.6 35.00 OK
r-release-macos-x86_64 2.5.6 54.00 OK
r-release-windows-x86_64 2.5.6 9.00 74.00 83.00 OK
r-oldrel-macos-arm64 2.5.6 36.00 OK
r-oldrel-macos-x86_64 2.5.6 56.00 OK
r-oldrel-windows-x86_64 2.5.6 9.00 81.00 90.00 OK

Check Details

Version: 2.5.6
Check: package dependencies
Result: ERROR Packages required but not available: 'ggplot2', 'ggfittext' Packages suggested but not available for checking: 'testthat', 'vdiffr' See section ‘The DESCRIPTION file’ in the ‘Writing R Extensions’ manual. Flavor: r-devel-linux-x86_64-debian-gcc