CRAN Package Check Results for Package triangulr

Last updated on 2024-02-21 18:51:20 CET.

Flavor Version Tinstall Tcheck Ttotal Status Flags
r-devel-linux-x86_64-debian-clang 1.2.1 NOTE
r-devel-linux-x86_64-debian-gcc 1.2.1 5.78 28.00 33.78 NOTE
r-devel-linux-x86_64-fedora-clang 1.2.1 58.70 NOTE
r-devel-linux-x86_64-fedora-gcc 1.2.1 54.81 NOTE
r-devel-windows-x86_64 1.2.1 9.00 53.00 62.00 NOTE
r-patched-linux-x86_64 1.2.1 9.74 35.86 45.60 NOTE
r-release-linux-x86_64 1.2.1 8.35 35.55 43.90 NOTE
r-release-macos-arm64 1.2.1 24.00 NOTE
r-release-macos-x86_64 1.2.1 33.00 NOTE
r-release-windows-x86_64 1.2.1 11.00 57.00 68.00 NOTE
r-oldrel-macos-arm64 1.2.1 22.00 OK
r-oldrel-windows-x86_64 1.2.1 10.00 59.00 69.00 OK

Check Details

Version: 1.2.1
Check: C++ specification
Result: NOTE Specified C++11: please drop specification unless essential Flavors: r-devel-linux-x86_64-debian-clang, r-devel-linux-x86_64-debian-gcc, r-devel-linux-x86_64-fedora-clang, r-devel-linux-x86_64-fedora-gcc, r-devel-windows-x86_64, r-patched-linux-x86_64, r-release-linux-x86_64, r-release-macos-arm64, r-release-macos-x86_64, r-release-windows-x86_64