CRAN Package Check Results for Package triptych

Last updated on 2024-04-16 20:50:52 CEST.

Flavor Version Tinstall Tcheck Ttotal Status Flags
r-devel-linux-x86_64-debian-clang 0.1.2 21.05 113.10 134.15 OK
r-devel-linux-x86_64-debian-gcc 0.1.2 15.17 83.09 98.26 OK
r-devel-linux-x86_64-fedora-clang 0.1.2 163.25 OK
r-devel-linux-x86_64-fedora-gcc 0.1.2 155.47 OK
r-prerel-macos-arm64 0.1.2 11.00 ERROR
r-prerel-macos-x86_64 0.1.2 8.00 ERROR
r-prerel-windows-x86_64 0.1.2 18.00 99.00 117.00 OK
r-patched-linux-x86_64 0.1.2 18.07 106.69 124.76 OK
r-release-linux-x86_64 0.1.2 12.24 106.43 118.67 OK
r-release-macos-arm64 0.1.2 11.00 ERROR
r-release-macos-x86_64 0.1.2 8.00 ERROR
r-release-windows-x86_64 0.1.2 23.00 143.00 166.00 OK
r-oldrel-macos-arm64 0.1.2 12.00 ERROR
r-oldrel-windows-x86_64 0.1.2 25.00 137.00 162.00 OK

Check Details

Version: 0.1.2
Check: whether package can be installed
Result: ERROR Installation failed. Flavors: r-prerel-macos-arm64, r-prerel-macos-x86_64, r-release-macos-arm64, r-release-macos-x86_64, r-oldrel-macos-arm64