CRAN Package Check Results for Package tufterhandout

Last updated on 2023-12-06 18:53:03 CET.

Flavor Version Tinstall Tcheck Ttotal Status Flags
r-devel-linux-x86_64-debian-clang 1.2.1 3.33 36.03 39.36 NOTE
r-devel-linux-x86_64-debian-gcc 1.2.1 2.46 28.45 30.91 NOTE
r-devel-linux-x86_64-fedora-clang 1.2.1 50.71 NOTE
r-devel-linux-x86_64-fedora-gcc 1.2.1 59.45 NOTE
r-devel-windows-x86_64 1.2.1 5.00 52.00 57.00 NOTE
r-patched-linux-x86_64 1.2.1 3.05 35.30 38.35 NOTE
r-release-linux-x86_64 1.2.1 2.10 35.19 37.29 NOTE
r-release-macos-arm64 1.2.1 26.00 NOTE
r-release-macos-x86_64 1.2.1 39.00 NOTE
r-release-windows-x86_64 1.2.1 6.00 56.00 62.00 NOTE
r-oldrel-macos-arm64 1.2.1 20.00 NOTE
r-oldrel-macos-x86_64 1.2.1 32.00 NOTE
r-oldrel-windows-x86_64 1.2.1 4.00 59.00 63.00 NOTE

Check Details

Version: 1.2.1
Check: DESCRIPTION meta-information
Result: NOTE Malformed Description field: should contain one or more complete sentences. Flavors: r-devel-linux-x86_64-debian-clang, r-devel-linux-x86_64-debian-gcc, r-devel-linux-x86_64-fedora-clang, r-devel-linux-x86_64-fedora-gcc, r-devel-windows-x86_64, r-patched-linux-x86_64, r-release-linux-x86_64, r-release-macos-arm64, r-release-macos-x86_64, r-release-windows-x86_64, r-oldrel-macos-arm64, r-oldrel-macos-x86_64, r-oldrel-windows-x86_64