CRAN Package Check Results for Package turner

Last updated on 2024-02-24 18:55:07 CET.

Flavor Version Tinstall Tcheck Ttotal Status Flags
r-devel-linux-x86_64-debian-clang 0.1.7 2.54 28.93 31.47 NOTE
r-devel-linux-x86_64-debian-gcc 0.1.7 1.89 23.00 24.89 NOTE
r-devel-linux-x86_64-fedora-clang 0.1.7 39.62 NOTE
r-devel-linux-x86_64-fedora-gcc 0.1.7 50.04 NOTE
r-devel-windows-x86_64 0.1.7 3.00 59.00 62.00 NOTE
r-patched-linux-x86_64 0.1.7 2.69 28.06 30.75 OK
r-release-linux-x86_64 0.1.7 2.31 27.97 30.28 OK
r-release-macos-arm64 0.1.7 24.00 OK
r-release-macos-x86_64 0.1.7 36.00 OK
r-release-windows-x86_64 0.1.7 4.00 59.00 63.00 OK
r-oldrel-macos-arm64 0.1.7 21.00 OK
r-oldrel-windows-x86_64 0.1.7 4.00 62.00 66.00 OK

Check Details

Version: 0.1.7
Check: package vignettes
Result: NOTE Package vignette with \VignetteEngine{} not specifying an engine package: ‘turner_introduction.Rnw’ Engines should be specified as \VignetteEngine{PKG::ENG}. Flavors: r-devel-linux-x86_64-debian-clang, r-devel-linux-x86_64-debian-gcc, r-devel-linux-x86_64-fedora-clang, r-devel-linux-x86_64-fedora-gcc, r-devel-windows-x86_64