CRAN Package Check Results for Package tvgeom

Last updated on 2023-12-09 18:54:35 CET.

Flavor Version Tinstall Tcheck Ttotal Status Flags
r-devel-linux-x86_64-debian-clang 1.0.1 2.17 42.14 44.31 NOTE
r-devel-linux-x86_64-debian-gcc 1.0.1 1.77 31.41 33.18 NOTE
r-devel-linux-x86_64-fedora-clang 1.0.1 55.64 NOTE
r-devel-linux-x86_64-fedora-gcc 1.0.1 64.56 NOTE
r-devel-windows-x86_64 1.0.1 3.00 57.00 60.00 NOTE
r-patched-linux-x86_64 1.0.1 1.92 40.56 42.48 NOTE
r-release-linux-x86_64 1.0.1 1.71 39.95 41.66 NOTE
r-release-macos-arm64 1.0.1 29.00 NOTE
r-release-macos-x86_64 1.0.1 44.00 NOTE
r-release-windows-x86_64 1.0.1 4.00 57.00 61.00 NOTE
r-oldrel-macos-arm64 1.0.1 26.00 NOTE
r-oldrel-macos-x86_64 1.0.1 33.00 NOTE
r-oldrel-windows-x86_64 1.0.1 4.00 60.00 64.00 NOTE

Check Details

Version: 1.0.1
Check: LazyData
Result: NOTE 'LazyData' is specified without a 'data' directory Flavors: r-devel-linux-x86_64-debian-clang, r-devel-linux-x86_64-debian-gcc, r-devel-linux-x86_64-fedora-clang, r-devel-linux-x86_64-fedora-gcc, r-devel-windows-x86_64, r-patched-linux-x86_64, r-release-linux-x86_64, r-release-macos-arm64, r-release-macos-x86_64, r-release-windows-x86_64, r-oldrel-macos-arm64, r-oldrel-macos-x86_64, r-oldrel-windows-x86_64