Last updated on 2023-11-29 18:49:05 CET.
Flavor | Version | Tinstall | Tcheck | Ttotal | Status | Flags |
---|---|---|---|---|---|---|
r-devel-linux-x86_64-debian-clang | 2.3.5 | 11.21 | 41.24 | 52.45 | NOTE | |
r-devel-linux-x86_64-debian-gcc | 2.3.5 | 6.80 | 31.15 | 37.95 | NOTE | |
r-devel-linux-x86_64-fedora-clang | 2.3.5 | 65.93 | OK | |||
r-devel-linux-x86_64-fedora-gcc | 2.3.5 | 61.00 | OK | |||
r-devel-windows-x86_64 | 2.3.5 | 12.00 | 54.00 | 66.00 | OK | |
r-patched-linux-x86_64 | 2.3.5 | 9.50 | 40.18 | 49.68 | OK | |
r-release-linux-x86_64 | 2.3.5 | 9.96 | 39.85 | 49.81 | OK | |
r-release-macos-arm64 | 2.3.5 | 23.00 | OK | |||
r-release-macos-x86_64 | 2.3.5 | 35.00 | OK | |||
r-release-windows-x86_64 | 2.3.5 | 10.00 | 58.00 | 68.00 | OK | |
r-oldrel-macos-arm64 | 2.3.5 | 26.00 | OK | |||
r-oldrel-macos-x86_64 | 2.3.5 | 31.00 | OK | |||
r-oldrel-windows-x86_64 | 2.3.5 | 14.00 | 61.00 | 75.00 | OK |
Version: 2.3.5
Check: Rd files
Result: NOTE
checkRd: (-1) tweedie-internal.Rd:74: Lost braces
74 | doi{10.1093/biomet/74.2.221}
| ^
Flavors: r-devel-linux-x86_64-debian-clang, r-devel-linux-x86_64-debian-gcc