Last updated on 2023-12-09 18:54:35 CET.
Flavor | Version | Tinstall | Tcheck | Ttotal | Status | Flags |
---|---|---|---|---|---|---|
r-devel-linux-x86_64-debian-clang | 0.3.8 | 12.51 | 220.17 | 232.68 | NOTE | |
r-devel-linux-x86_64-debian-gcc | 0.3.8 | 10.05 | 162.76 | 172.81 | NOTE | |
r-devel-linux-x86_64-fedora-clang | 0.3.8 | 285.98 | NOTE | |||
r-devel-linux-x86_64-fedora-gcc | 0.3.8 | 288.08 | NOTE | |||
r-devel-windows-x86_64 | 0.3.8 | 13.00 | 181.00 | 194.00 | NOTE | |
r-patched-linux-x86_64 | 0.3.8 | 10.39 | 211.07 | 221.46 | NOTE | |
r-release-linux-x86_64 | 0.3.8 | 8.45 | 212.41 | 220.86 | NOTE | |
r-release-macos-arm64 | 0.3.8 | 85.00 | NOTE | |||
r-release-macos-x86_64 | 0.3.8 | 140.00 | NOTE | |||
r-release-windows-x86_64 | 0.3.8 | 16.00 | 222.00 | 238.00 | NOTE | |
r-oldrel-macos-arm64 | 0.3.8 | 68.00 | NOTE | |||
r-oldrel-macos-x86_64 | 0.3.8 | 123.00 | NOTE | |||
r-oldrel-windows-x86_64 | 0.3.8 | 16.00 | 219.00 | 235.00 | NOTE |
Version: 0.3.8
Check: package dependencies
Result: NOTE
Package which this enhances but not available for checking: ‘sl3’
Flavors: r-devel-linux-x86_64-debian-clang, r-devel-linux-x86_64-debian-gcc, r-devel-linux-x86_64-fedora-clang, r-devel-linux-x86_64-fedora-gcc, r-devel-windows-x86_64, r-patched-linux-x86_64, r-release-linux-x86_64, r-release-macos-arm64, r-release-macos-x86_64, r-release-windows-x86_64, r-oldrel-macos-arm64, r-oldrel-macos-x86_64, r-oldrel-windows-x86_64
Version: 0.3.8
Check: Rd files
Result: NOTE
checkRd: (-1) est_g_exp.Rd:55: Lost braces; missing escapes or markup?
55 | {A - delta}, {A + delta}, and {A + 2 * delta}).
| ^
checkRd: (-1) est_g_exp.Rd:55: Lost braces; missing escapes or markup?
55 | {A - delta}, {A + delta}, and {A + 2 * delta}).
| ^
checkRd: (-1) est_g_exp.Rd:55: Lost braces; missing escapes or markup?
55 | {A - delta}, {A + delta}, and {A + 2 * delta}).
| ^
Flavors: r-devel-linux-x86_64-debian-clang, r-devel-linux-x86_64-debian-gcc