CRAN Package Check Results for Package usdarnass

Last updated on 2023-12-10 18:52:28 CET.

Flavor Version Tinstall Tcheck Ttotal Status Flags
r-devel-linux-x86_64-debian-clang 0.1.0 2.14 29.20 31.34 NOTE
r-devel-linux-x86_64-debian-gcc 0.1.0 2.03 23.21 25.24 NOTE
r-devel-linux-x86_64-fedora-clang 0.1.0 40.74 NOTE
r-devel-linux-x86_64-fedora-gcc 0.1.0 48.80 NOTE
r-devel-windows-x86_64 0.1.0 3.00 46.00 49.00 NOTE
r-patched-linux-x86_64 0.1.0 1.98 28.19 30.17 NOTE
r-release-linux-x86_64 0.1.0 1.57 27.73 29.30 NOTE
r-release-macos-arm64 0.1.0 25.00 NOTE
r-release-macos-x86_64 0.1.0 34.00 NOTE
r-release-windows-x86_64 0.1.0 4.00 44.00 48.00 NOTE
r-oldrel-macos-arm64 0.1.0 17.00 NOTE
r-oldrel-macos-x86_64 0.1.0 27.00 NOTE
r-oldrel-windows-x86_64 0.1.0 4.00 49.00 53.00 NOTE

Check Details

Version: 0.1.0
Check: LazyData
Result: NOTE 'LazyData' is specified without a 'data' directory Flavors: r-devel-linux-x86_64-debian-clang, r-devel-linux-x86_64-debian-gcc, r-devel-linux-x86_64-fedora-clang, r-devel-linux-x86_64-fedora-gcc, r-devel-windows-x86_64, r-patched-linux-x86_64, r-release-linux-x86_64, r-release-macos-arm64, r-release-macos-x86_64, r-release-windows-x86_64, r-oldrel-macos-arm64, r-oldrel-macos-x86_64, r-oldrel-windows-x86_64