Last updated on 2023-11-30 18:49:49 CET.
Flavor | Version | Tinstall | Tcheck | Ttotal | Status | Flags |
---|---|---|---|---|---|---|
r-devel-linux-x86_64-debian-clang | 0.1.5 | 2.84 | 51.51 | 54.35 | OK | |
r-devel-linux-x86_64-debian-gcc | 0.1.5 | 2.01 | 40.65 | 42.66 | OK | |
r-devel-linux-x86_64-fedora-clang | 0.1.5 | 67.58 | NOTE | |||
r-devel-linux-x86_64-fedora-gcc | 0.1.5 | 75.27 | NOTE | |||
r-devel-windows-x86_64 | 0.1.5 | 4.00 | 61.00 | 65.00 | OK | |
r-patched-linux-x86_64 | 0.1.5 | 2.33 | 49.38 | 51.71 | OK | |
r-release-linux-x86_64 | 0.1.5 | 1.61 | 49.13 | 50.74 | OK | |
r-release-macos-arm64 | 0.1.5 | 36.00 | OK | |||
r-release-macos-x86_64 | 0.1.5 | 56.00 | OK | |||
r-release-windows-x86_64 | 0.1.5 | 5.00 | 63.00 | 68.00 | OK | |
r-oldrel-macos-arm64 | 0.1.5 | 29.00 | NOTE | |||
r-oldrel-macos-x86_64 | 0.1.5 | 46.00 | NOTE | |||
r-oldrel-windows-x86_64 | 0.1.5 | 5.00 | 69.00 | 74.00 | OK |
Version: 0.1.5
Check: dependencies in R code
Result: NOTE
Namespace in Imports field not imported from: ‘tidyverse’
All declared Imports should be used.
Flavors: r-devel-linux-x86_64-fedora-clang, r-devel-linux-x86_64-fedora-gcc, r-oldrel-macos-arm64, r-oldrel-macos-x86_64