Last updated on 2023-11-28 18:49:37 CET.
Flavor | Version | Tinstall | Tcheck | Ttotal | Status | Flags |
---|---|---|---|---|---|---|
r-devel-linux-x86_64-debian-clang | 0.7.0 | 210.88 | 531.93 | 742.81 | OK | |
r-devel-linux-x86_64-debian-gcc | 0.7.0 | 160.01 | 397.82 | 557.83 | OK | |
r-devel-linux-x86_64-fedora-clang | 0.7.0 | 991.49 | OK | |||
r-devel-linux-x86_64-fedora-gcc | 0.7.0 | 1025.36 | OK | |||
r-devel-windows-x86_64 | 0.7.0 | 155.00 | 420.00 | 575.00 | OK | |
r-patched-linux-x86_64 | 0.7.0 | 173.14 | 501.83 | 674.97 | OK | |
r-release-linux-x86_64 | 0.7.0 | 139.65 | 511.06 | 650.71 | OK | |
r-release-macos-arm64 | 0.7.0 | 310.00 | NOTE | |||
r-release-macos-x86_64 | 0.7.0 | 470.00 | NOTE | |||
r-release-windows-x86_64 | 0.7.0 | 218.00 | 533.00 | 751.00 | OK | |
r-oldrel-macos-arm64 | 0.7.0 | 226.00 | NOTE | |||
r-oldrel-macos-x86_64 | 0.7.0 | 288.00 | NOTE | |||
r-oldrel-windows-x86_64 | 0.7.0 | 192.00 | 480.00 | 672.00 | OK |
Version: 0.7.0
Check: installed package size
Result: NOTE
installed size is 7.1Mb
sub-directories of 1Mb or more:
libs 6.0Mb
Flavors: r-release-macos-arm64, r-release-macos-x86_64, r-oldrel-macos-arm64, r-oldrel-macos-x86_64