CRAN Package Check Results for Package variantspark

Last updated on 2024-07-15 20:55:48 CEST.

Flavor Version Tinstall Tcheck Ttotal Status Flags
r-devel-linux-x86_64-debian-clang 0.1.1 7.99 65.41 73.40 NOTE
r-devel-linux-x86_64-debian-gcc 0.1.1 5.25 48.43 53.68 NOTE
r-devel-linux-x86_64-fedora-clang 0.1.1 94.57 NOTE
r-devel-linux-x86_64-fedora-gcc 0.1.1 86.69 NOTE
r-devel-windows-x86_64 0.1.1 8.00 67.00 75.00 NOTE
r-patched-linux-x86_64 0.1.1 8.28 61.52 69.80 NOTE
r-release-linux-x86_64 0.1.1 5.76 62.95 68.71 NOTE
r-release-macos-arm64 0.1.1 29.00 NOTE
r-release-macos-x86_64 0.1.1 42.00 NOTE
r-release-windows-x86_64 0.1.1 7.00 67.00 74.00 NOTE
r-oldrel-macos-arm64 0.1.1 31.00 NOTE
r-oldrel-macos-x86_64 0.1.1 51.00 NOTE
r-oldrel-windows-x86_64 0.1.1 9.00 76.00 85.00 NOTE

Check Details

Version: 0.1.1
Check: LazyData
Result: NOTE 'LazyData' is specified without a 'data' directory Flavors: r-devel-linux-x86_64-debian-clang, r-devel-linux-x86_64-debian-gcc, r-devel-linux-x86_64-fedora-clang, r-devel-linux-x86_64-fedora-gcc, r-devel-windows-x86_64, r-patched-linux-x86_64, r-release-linux-x86_64, r-release-macos-arm64, r-release-macos-x86_64, r-release-windows-x86_64, r-oldrel-macos-arm64, r-oldrel-macos-x86_64, r-oldrel-windows-x86_64