Last updated on 2023-10-02 00:03:44 CEST.
Flavor | Version | Tinstall | Tcheck | Ttotal | Status | Flags |
---|---|---|---|---|---|---|
r-devel-linux-x86_64-debian-clang | 0.1.1 | 8.96 | 64.93 | 73.89 | NOTE | |
r-devel-linux-x86_64-debian-gcc | 0.1.1 | 6.40 | 47.97 | 54.37 | NOTE | |
r-devel-linux-x86_64-fedora-clang | 0.1.1 | 90.05 | NOTE | |||
r-devel-linux-x86_64-fedora-gcc | 0.1.1 | 87.02 | NOTE | |||
r-devel-windows-x86_64 | 0.1.1 | 8.00 | 68.00 | 76.00 | NOTE | |
r-patched-linux-x86_64 | 0.1.1 | 5.67 | 61.35 | 67.02 | NOTE | |
r-release-linux-x86_64 | 0.1.1 | 6.04 | 62.67 | 68.71 | NOTE | |
r-release-macos-arm64 | 0.1.1 | 31.00 | NOTE | |||
r-release-macos-x86_64 | 0.1.1 | 51.00 | NOTE | |||
r-release-windows-x86_64 | 0.1.1 | 10.00 | 75.00 | 85.00 | NOTE | |
r-oldrel-macos-arm64 | 0.1.1 | 28.00 | NOTE | |||
r-oldrel-macos-x86_64 | 0.1.1 | 49.00 | NOTE | |||
r-oldrel-windows-x86_64 | 0.1.1 | 10.00 | 81.00 | 91.00 | NOTE |
Version: 0.1.1
Check: LazyData
Result: NOTE
'LazyData' is specified without a 'data' directory
Flavors: r-devel-linux-x86_64-debian-clang, r-devel-linux-x86_64-debian-gcc, r-devel-linux-x86_64-fedora-clang, r-devel-linux-x86_64-fedora-gcc, r-devel-windows-x86_64, r-patched-linux-x86_64, r-release-linux-x86_64, r-release-macos-arm64, r-release-macos-x86_64, r-release-windows-x86_64, r-oldrel-macos-arm64, r-oldrel-macos-x86_64, r-oldrel-windows-x86_64