CRAN Package Check Results for Package varitas

Last updated on 2023-12-10 18:52:28 CET.

Flavor Version Tinstall Tcheck Ttotal Status Flags
r-devel-linux-x86_64-debian-clang 0.0.2 5.83 65.97 71.80 NOTE
r-devel-linux-x86_64-debian-gcc 0.0.2 6.55 49.43 55.98 NOTE
r-devel-linux-x86_64-fedora-clang 0.0.2 91.82 OK
r-devel-linux-x86_64-fedora-gcc 0.0.2 100.34 OK
r-devel-windows-x86_64 0.0.2 10.00 81.00 91.00 OK
r-patched-linux-x86_64 0.0.2 6.61 62.79 69.40 OK
r-release-linux-x86_64 0.0.2 4.86 64.01 68.87 OK
r-release-macos-arm64 0.0.2 36.00 OK
r-release-macos-x86_64 0.0.2 53.00 OK
r-release-windows-x86_64 0.0.2 11.00 89.00 100.00 OK
r-oldrel-macos-arm64 0.0.2 27.00 OK
r-oldrel-macos-x86_64 0.0.2 43.00 OK
r-oldrel-windows-x86_64 0.0.2 10.00 81.00 91.00 OK

Check Details

Version: 0.0.2
Check: Rd files
Result: NOTE checkRd: (-1) get.miniseq.sample.files.Rd:15: Lost braces 15 | \item{file.suffix}{Regex expression for end of file name. For example, `file.suffix = '_S\\d{1,2}_.*_R1_.*'` will match R1 files.1 files.} | ^ Flavors: r-devel-linux-x86_64-debian-clang, r-devel-linux-x86_64-debian-gcc