CRAN Package Check Results for Package vasicek

Last updated on 2023-12-07 18:49:45 CET.

Flavor Version Tinstall Tcheck Ttotal Status Flags
r-devel-linux-x86_64-debian-clang 0.0.3 1.94 22.25 24.19 NOTE
r-devel-linux-x86_64-debian-gcc 0.0.3 1.70 17.23 18.93 NOTE
r-devel-linux-x86_64-fedora-clang 0.0.3 32.13 NOTE
r-devel-linux-x86_64-fedora-gcc 0.0.3 30.06 NOTE
r-devel-windows-x86_64 0.0.3 3.00 41.00 44.00 NOTE
r-patched-linux-x86_64 0.0.3 2.22 21.74 23.96 NOTE
r-release-linux-x86_64 0.0.3 2.11 22.15 24.26 NOTE
r-release-macos-arm64 0.0.3 22.00 NOTE
r-release-macos-x86_64 0.0.3 21.00 NOTE
r-release-windows-x86_64 0.0.3 3.00 40.00 43.00 NOTE
r-oldrel-macos-arm64 0.0.3 16.00 NOTE
r-oldrel-macos-x86_64 0.0.3 20.00 NOTE
r-oldrel-windows-x86_64 0.0.3 4.00 42.00 46.00 NOTE

Check Details

Version: 0.0.3
Check: LazyData
Result: NOTE 'LazyData' is specified without a 'data' directory Flavors: r-devel-linux-x86_64-debian-clang, r-devel-linux-x86_64-debian-gcc, r-devel-linux-x86_64-fedora-clang, r-devel-linux-x86_64-fedora-gcc, r-devel-windows-x86_64, r-patched-linux-x86_64, r-release-linux-x86_64, r-release-macos-arm64, r-release-macos-x86_64, r-release-windows-x86_64, r-oldrel-macos-arm64, r-oldrel-macos-x86_64, r-oldrel-windows-x86_64