CRAN Package Check Results for Package vasicek

Last updated on 2024-07-15 20:55:48 CEST.

Flavor Version Tinstall Tcheck Ttotal Status Flags
r-devel-linux-x86_64-debian-clang 0.0.3 1.89 22.60 24.49 NOTE
r-devel-linux-x86_64-debian-gcc 0.0.3 1.70 17.61 19.31 NOTE
r-devel-linux-x86_64-fedora-clang 0.0.3 32.14 NOTE
r-devel-linux-x86_64-fedora-gcc 0.0.3 30.56 NOTE
r-devel-windows-x86_64 0.0.3 3.00 40.00 43.00 NOTE
r-patched-linux-x86_64 0.0.3 2.44 22.47 24.91 NOTE
r-release-linux-x86_64 0.0.3 2.18 22.08 24.26 NOTE
r-release-macos-arm64 0.0.3 14.00 NOTE
r-release-macos-x86_64 0.0.3 29.00 NOTE
r-release-windows-x86_64 0.0.3 3.00 40.00 43.00 NOTE
r-oldrel-macos-arm64 0.0.3 22.00 NOTE
r-oldrel-macos-x86_64 0.0.3 21.00 NOTE
r-oldrel-windows-x86_64 0.0.3 3.00 44.00 47.00 NOTE

Check Details

Version: 0.0.3
Check: LazyData
Result: NOTE 'LazyData' is specified without a 'data' directory Flavors: r-devel-linux-x86_64-debian-clang, r-devel-linux-x86_64-debian-gcc, r-devel-linux-x86_64-fedora-clang, r-devel-linux-x86_64-fedora-gcc, r-devel-windows-x86_64, r-patched-linux-x86_64, r-release-linux-x86_64, r-release-macos-arm64, r-release-macos-x86_64, r-release-windows-x86_64, r-oldrel-macos-arm64, r-oldrel-macos-x86_64, r-oldrel-windows-x86_64