Last updated on 2023-12-05 18:49:42 CET.
Flavor | Version | Tinstall | Tcheck | Ttotal | Status | Flags |
---|---|---|---|---|---|---|
r-devel-linux-x86_64-debian-clang | 1.2.0 | 13.40 | 103.63 | 117.03 | NOTE | |
r-devel-linux-x86_64-debian-gcc | 1.2.0 | 9.62 | 76.91 | 86.53 | NOTE | |
r-devel-linux-x86_64-fedora-clang | 1.2.0 | 147.66 | OK | |||
r-devel-linux-x86_64-fedora-gcc | 1.2.0 | 140.87 | OK | |||
r-devel-windows-x86_64 | 1.2.0 | 13.00 | 116.00 | 129.00 | OK | |
r-patched-linux-x86_64 | 1.2.0 | 15.65 | 98.38 | 114.03 | OK | |
r-release-linux-x86_64 | 1.2.0 | 11.92 | 98.33 | 110.25 | OK | |
r-release-macos-arm64 | 1.2.0 | 38.00 | OK | |||
r-release-macos-x86_64 | 1.2.0 | 95.00 | OK | |||
r-release-windows-x86_64 | 1.2.0 | 16.00 | 135.00 | 151.00 | OK | |
r-oldrel-macos-arm64 | 1.2.0 | 40.00 | OK | |||
r-oldrel-macos-x86_64 | 1.2.0 | 58.00 | OK | |||
r-oldrel-windows-x86_64 | 1.2.0 | 16.00 | 121.00 | 137.00 | OK |
Version: 1.2.0
Check: Rd files
Result: NOTE
checkRd: (-1) se.meanratio2.Rd:35: Lost braces
35 | link[vcmeta]{meta.lm.gen} functions in application where compatible
| ^
Flavors: r-devel-linux-x86_64-debian-clang, r-devel-linux-x86_64-debian-gcc