Last updated on 2023-09-30 19:56:03 CEST.
Flavor | Version | Tinstall | Tcheck | Ttotal | Status | Flags |
---|---|---|---|---|---|---|
r-devel-linux-x86_64-debian-clang | 1.0.7 | 23.33 | 32.59 | 55.92 | NOTE | |
r-devel-linux-x86_64-debian-gcc | 1.0.7 | 12.29 | 25.33 | 37.62 | NOTE | |
r-devel-linux-x86_64-fedora-clang | 1.0.7 | 119.21 | NOTE | |||
r-devel-linux-x86_64-fedora-gcc | 1.0.7 | 66.38 | NOTE | |||
r-devel-windows-x86_64 | 1.0.7 | 19.00 | 71.00 | 90.00 | NOTE | |
r-patched-linux-x86_64 | 1.0.7 | 16.23 | 31.44 | 47.67 | NOTE | |
r-release-linux-x86_64 | 1.0.7 | 12.57 | 31.93 | 44.50 | NOTE | |
r-release-macos-arm64 | 1.0.7 | 49.00 | NOTE | |||
r-release-macos-x86_64 | 1.0.7 | 123.00 | NOTE | |||
r-release-windows-x86_64 | 1.0.7 | 27.00 | 72.00 | 99.00 | NOTE | |
r-oldrel-macos-arm64 | 1.0.7 | 54.00 | OK | |||
r-oldrel-macos-x86_64 | 1.0.7 | 65.00 | OK | |||
r-oldrel-windows-x86_64 | 1.0.7 | 22.00 | 72.00 | 94.00 | OK |
Version: 1.0.7
Check: C++ specification
Result: NOTE
Specified C++11: please drop specification unless essential
Flavors: r-devel-linux-x86_64-debian-clang, r-devel-linux-x86_64-debian-gcc, r-devel-linux-x86_64-fedora-clang, r-devel-linux-x86_64-fedora-gcc, r-devel-windows-x86_64, r-patched-linux-x86_64, r-release-linux-x86_64, r-release-macos-arm64, r-release-macos-x86_64, r-release-windows-x86_64