CRAN Package Check Results for Package vimp

Last updated on 2024-02-23 18:55:16 CET.

Flavor Version Tinstall Tcheck Ttotal Status Flags
r-devel-linux-x86_64-debian-clang 2.3.3 NOTE
r-devel-linux-x86_64-debian-gcc 2.3.3 5.80 241.60 247.40 NOTE
r-devel-linux-x86_64-fedora-clang 2.3.3 308.59 NOTE
r-devel-linux-x86_64-fedora-gcc 2.3.3 294.78 NOTE
r-devel-windows-x86_64 2.3.3 9.00 280.00 289.00 OK
r-patched-linux-x86_64 2.3.3 9.76 298.86 308.62 OK
r-release-linux-x86_64 2.3.3 7.82 302.88 310.70 OK
r-release-macos-arm64 2.3.3 135.00 OK
r-release-macos-x86_64 2.3.3 327.00 OK
r-release-windows-x86_64 2.3.3 12.00 323.00 335.00 OK
r-oldrel-macos-arm64 2.3.3 123.00 OK
r-oldrel-windows-x86_64 2.3.3 12.00 308.00 320.00 OK

Check Details

Version: 2.3.3
Check: Rd files
Result: NOTE checkRd: (-1) average_vim.Rd:18: Lost braces in \itemize; \value handles \item{}{} directly checkRd: (-1) average_vim.Rd:19: Lost braces in \itemize; \value handles \item{}{} directly checkRd: (-1) average_vim.Rd:20: Lost braces in \itemize; \value handles \item{}{} directly checkRd: (-1) average_vim.Rd:21: Lost braces in \itemize; \value handles \item{}{} directly checkRd: (-1) average_vim.Rd:22: Lost braces in \itemize; \value handles \item{}{} directly checkRd: (-1) average_vim.Rd:23: Lost braces in \itemize; \value handles \item{}{} directly checkRd: (-1) average_vim.Rd:24: Lost braces in \itemize; \value handles \item{}{} directly checkRd: (-1) average_vim.Rd:25: Lost braces in \itemize; \value handles \item{}{} directly checkRd: (-1) average_vim.Rd:26: Lost braces in \itemize; \value handles \item{}{} directly checkRd: (-1) average_vim.Rd:27: Lost braces in \itemize; \value handles \item{}{} directly checkRd: (-1) average_vim.Rd:28: Lost braces in \itemize; \value handles \item{}{} directly checkRd: (-1) average_vim.Rd:29: Lost braces in \itemize; \value handles \item{}{} directly checkRd: (-1) merge_vim.Rd:16: Lost braces in \itemize; \value handles \item{}{} directly checkRd: (-1) merge_vim.Rd:17: Lost braces in \itemize; \value handles \item{}{} directly checkRd: (-1) merge_vim.Rd:18: Lost braces in \itemize; \value handles \item{}{} directly checkRd: (-1) merge_vim.Rd:19: Lost braces in \itemize; \value handles \item{}{} directly checkRd: (-1) merge_vim.Rd:20: Lost braces in \itemize; \value handles \item{}{} directly checkRd: (-1) merge_vim.Rd:21: Lost braces in \itemize; \value handles \item{}{} directly checkRd: (-1) merge_vim.Rd:22: Lost braces in \itemize; \value handles \item{}{} directly checkRd: (-1) merge_vim.Rd:23: Lost braces in \itemize; \value handles \item{}{} directly checkRd: (-1) merge_vim.Rd:24: Lost braces in \itemize; \value handles \item{}{} directly checkRd: (-1) merge_vim.Rd:25: Lost braces in \itemize; \value handles \item{}{} directly checkRd: (-1) merge_vim.Rd:26: Lost braces in \itemize; \value handles \item{}{} directly checkRd: (-1) merge_vim.Rd:27: Lost braces in \itemize; \value handles \item{}{} directly checkRd: (-1) merge_vim.Rd:28: Lost braces in \itemize; \value handles \item{}{} directly Flavors: r-devel-linux-x86_64-debian-clang, r-devel-linux-x86_64-debian-gcc, r-devel-linux-x86_64-fedora-clang, r-devel-linux-x86_64-fedora-gcc