CRAN Package Check Results for Package virtualPollen

Last updated on 2023-12-09 18:54:35 CET.

Flavor Version Tinstall Tcheck Ttotal Status Flags
r-devel-linux-x86_64-debian-clang 1.0.1 11.95 558.53 570.48 NOTE
r-devel-linux-x86_64-debian-gcc 1.0.1 10.27 411.70 421.97 NOTE
r-devel-linux-x86_64-fedora-clang 1.0.1 691.98 OK
r-devel-linux-x86_64-fedora-gcc 1.0.1 723.14 OK
r-devel-windows-x86_64 1.0.1 12.00 535.00 547.00 OK
r-patched-linux-x86_64 1.0.1 21.17 560.44 581.61 OK
r-release-linux-x86_64 1.0.1 8.27 567.54 575.81 OK
r-release-macos-arm64 1.0.1 278.00 OK
r-release-macos-x86_64 1.0.1 407.00 OK
r-release-windows-x86_64 1.0.1 16.00 536.00 552.00 OK
r-oldrel-macos-arm64 1.0.1 246.00 OK
r-oldrel-macos-x86_64 1.0.1 436.00 OK
r-oldrel-windows-x86_64 1.0.1 17.00 531.00 548.00 OK

Check Details

Version: 1.0.1
Check: Rd files
Result: NOTE checkRd: (-1) simulatePopulation.Rd:75: Lost braces; missing escapes or markup? 75 | \item \strong{Pollen productivity}: In each time step the model computes the pollen productivity (in relative values) of the population using the equation \eqn{P_{t} = \sum x_{it} \times max(S_{t}, B)}, where \emph{t} is time (a given simulation time step), \emph{P} is the pollen productivity of the population at a given time, \emph{x_{i}} represents the biomass of every adult individual, \emph{S} is the environmental suitability at the given time, \emph{B} is the contribution of biomass to pollen productivity regardless of environmental suitability (\emph{pollen.control} parameter in the simulation, 0 by default). If \emph{B} equals 1, \emph{P} is equal to the total biomass sum of the adult population, regardless of the environmental suitability. If \emph{B} equals 0, pollen productivity depends entirely on environmental suitability values. | ^ Flavors: r-devel-linux-x86_64-debian-clang, r-devel-linux-x86_64-debian-gcc