CRAN Package Check Results for Package visOmopResults

Last updated on 2024-06-12 20:59:20 CEST.

Flavor Version Tinstall Tcheck Ttotal Status Flags
r-devel-linux-x86_64-debian-clang 0.3.0 7.65 162.77 170.42 OK
r-devel-linux-x86_64-debian-gcc 0.3.0 0.42 1.84 2.26 ERROR
r-devel-linux-x86_64-fedora-clang 0.3.0 217.69 OK
r-devel-linux-x86_64-fedora-gcc 0.3.0 212.90 OK
r-devel-windows-x86_64 0.3.0 7.00 119.00 126.00 OK
r-patched-linux-x86_64 0.3.0 7.64 160.29 167.93 OK
r-release-linux-x86_64 0.3.0 6.26 159.06 165.32 OK
r-release-macos-arm64 0.3.0 66.00 OK
r-release-macos-x86_64 0.3.0 92.00 OK
r-release-windows-x86_64 0.3.0 6.00 126.00 132.00 OK
r-oldrel-macos-arm64 0.3.0 65.00 OK
r-oldrel-macos-x86_64 0.3.0 124.00 OK
r-oldrel-windows-x86_64 0.3.0 9.00 144.00 153.00 OK

Check Details

Version: 0.3.0
Check: package dependencies
Result: ERROR Packages required but not available: 'dplyr', 'omopgenerics', 'stringr', 'tidyr' Packages suggested but not available for checking: 'gt', 'testthat', 'tibble' See section ‘The DESCRIPTION file’ in the ‘Writing R Extensions’ manual. Flavor: r-devel-linux-x86_64-debian-gcc