Last updated on 2023-12-06 18:53:03 CET.
Flavor | Version | Tinstall | Tcheck | Ttotal | Status | Flags |
---|---|---|---|---|---|---|
r-devel-linux-x86_64-debian-clang | 3.2.0 | 4.44 | 32.58 | 37.02 | OK | |
r-devel-linux-x86_64-debian-gcc | 3.2.0 | 3.14 | 26.02 | 29.16 | OK | |
r-devel-linux-x86_64-fedora-clang | 3.2.0 | 45.92 | NOTE | |||
r-devel-linux-x86_64-fedora-gcc | 3.2.0 | 43.07 | OK | |||
r-devel-windows-x86_64 | 3.2.0 | 6.00 | 51.00 | 57.00 | NOTE | |
r-patched-linux-x86_64 | 3.2.0 | 3.44 | 31.86 | 35.30 | OK | |
r-release-linux-x86_64 | 3.2.0 | 2.31 | 31.72 | 34.03 | OK | |
r-release-macos-arm64 | 3.2.0 | 21.00 | NOTE | |||
r-release-macos-x86_64 | 3.2.0 | 35.00 | NOTE | |||
r-release-windows-x86_64 | 3.2.0 | 6.00 | 55.00 | 61.00 | NOTE | |
r-oldrel-macos-arm64 | 3.2.0 | 25.00 | NOTE | |||
r-oldrel-macos-x86_64 | 3.2.0 | 34.00 | NOTE | |||
r-oldrel-windows-x86_64 | 3.2.0 | 6.00 | 53.00 | 59.00 | NOTE |
Version: 3.2.0
Check: installed package size
Result: NOTE
installed size is 6.6Mb
sub-directories of 1Mb or more:
help 1.3Mb
htmlwidgets 5.3Mb
Flavors: r-devel-linux-x86_64-fedora-clang, r-devel-windows-x86_64, r-release-macos-arm64, r-release-macos-x86_64, r-release-windows-x86_64, r-oldrel-macos-arm64, r-oldrel-macos-x86_64, r-oldrel-windows-x86_64