CRAN Package Check Results for Package vistime

Last updated on 2024-07-19 20:49:44 CEST.

Flavor Version Tinstall Tcheck Ttotal Status Flags
r-devel-linux-x86_64-debian-clang 1.2.4 9.03 100.32 109.35 OK
r-devel-linux-x86_64-debian-gcc 1.2.4 6.30 74.02 80.32 OK
r-devel-linux-x86_64-fedora-clang 1.2.4 135.99 NOTE
r-devel-linux-x86_64-fedora-gcc 1.2.4 139.03 OK
r-devel-windows-x86_64 1.2.4 11.00 91.00 102.00 NOTE
r-patched-linux-x86_64 1.2.4 8.21 96.60 104.81 OK
r-release-linux-x86_64 1.2.4 5.21 95.67 100.88 OK
r-release-macos-arm64 1.2.4 52.00 NOTE
r-release-macos-x86_64 1.2.4 74.00 NOTE
r-release-windows-x86_64 1.2.4 9.00 91.00 100.00 NOTE
r-oldrel-macos-arm64 1.2.4 53.00 NOTE
r-oldrel-macos-x86_64 1.2.4 86.00 NOTE
r-oldrel-windows-x86_64 1.2.4 10.00 106.00 116.00 NOTE

Check Details

Version: 1.2.4
Check: installed package size
Result: NOTE installed size is 5.9Mb sub-directories of 1Mb or more: doc 5.5Mb Flavors: r-devel-linux-x86_64-fedora-clang, r-devel-windows-x86_64, r-release-macos-arm64, r-release-macos-x86_64, r-release-windows-x86_64, r-oldrel-macos-arm64, r-oldrel-macos-x86_64, r-oldrel-windows-x86_64