Last updated on 2023-11-30 18:49:49 CET.
Flavor | Version | Tinstall | Tcheck | Ttotal | Status | Flags |
---|---|---|---|---|---|---|
r-devel-linux-x86_64-debian-clang | 1.2.4 | 7.19 | 96.87 | 104.06 | OK | |
r-devel-linux-x86_64-debian-gcc | 1.2.4 | 6.68 | 71.22 | 77.90 | OK | |
r-devel-linux-x86_64-fedora-clang | 1.2.4 | 127.34 | NOTE | |||
r-devel-linux-x86_64-fedora-gcc | 1.2.4 | 134.66 | OK | |||
r-devel-windows-x86_64 | 1.2.4 | 8.00 | 90.00 | 98.00 | NOTE | |
r-patched-linux-x86_64 | 1.2.4 | 5.65 | 89.81 | 95.46 | OK | |
r-release-linux-x86_64 | 1.2.4 | 5.24 | 89.48 | 94.72 | OK | |
r-release-macos-arm64 | 1.2.4 | 53.00 | NOTE | |||
r-release-macos-x86_64 | 1.2.4 | 86.00 | NOTE | |||
r-release-windows-x86_64 | 1.2.4 | 10.00 | 109.00 | 119.00 | NOTE | |
r-oldrel-macos-arm64 | 1.2.4 | 57.00 | NOTE | |||
r-oldrel-macos-x86_64 | 1.2.3 | 60.00 | NOTE | |||
r-oldrel-windows-x86_64 | 1.2.4 | 11.00 | 111.00 | 122.00 | NOTE |
Version: 1.2.4
Check: installed package size
Result: NOTE
installed size is 5.9Mb
sub-directories of 1Mb or more:
doc 5.5Mb
Flavors: r-devel-linux-x86_64-fedora-clang, r-devel-windows-x86_64, r-release-macos-arm64, r-release-macos-x86_64, r-release-windows-x86_64, r-oldrel-macos-arm64, r-oldrel-windows-x86_64
Version: 1.2.3
Check: installed package size
Result: NOTE
installed size is 5.8Mb
sub-directories of 1Mb or more:
doc 5.5Mb
Flavor: r-oldrel-macos-x86_64