CRAN Package Check Results for Package voi

Last updated on 2023-12-01 18:51:30 CET.

Flavor Version Tinstall Tcheck Ttotal Status Flags
r-devel-linux-x86_64-debian-clang 1.0.1 14.81 407.60 422.41 NOTE
r-devel-linux-x86_64-debian-gcc 1.0.2 13.15 289.49 302.64 NOTE
r-devel-linux-x86_64-fedora-clang 1.0.2 352.47 NOTE
r-devel-linux-x86_64-fedora-gcc 1.0.2 337.87 OK
r-devel-windows-x86_64 1.0.2 15.00 223.00 238.00 NOTE
r-patched-linux-x86_64 1.0.2 18.41 385.62 404.03 NOTE
r-release-linux-x86_64 1.0.1 15.22 383.10 398.32 NOTE
r-release-macos-arm64 1.0.2 145.00 NOTE
r-release-macos-x86_64 1.0.1 584.00 NOTE
r-release-windows-x86_64 1.0.2 15.00 240.00 255.00 NOTE
r-oldrel-macos-arm64 1.0.2 140.00 NOTE
r-oldrel-macos-x86_64 1.0 178.00 NOTE
r-oldrel-windows-x86_64 1.0.2 20.00 247.00 267.00 NOTE

Check Details

Version: 1.0.1
Check: package dependencies
Result: NOTE Package suggested but not available for checking: ‘INLA’ Flavors: r-devel-linux-x86_64-debian-clang, r-release-linux-x86_64, r-release-macos-x86_64

Version: 1.0.1
Check: Rd cross-references
Result: NOTE Package unavailable to check Rd xrefs: ‘INLA’ Flavors: r-devel-linux-x86_64-debian-clang, r-release-linux-x86_64, r-release-macos-x86_64

Version: 1.0.2
Check: package dependencies
Result: NOTE Package suggested but not available for checking: ‘INLA’ Flavors: r-devel-linux-x86_64-debian-gcc, r-devel-windows-x86_64, r-patched-linux-x86_64, r-release-macos-arm64, r-release-windows-x86_64, r-oldrel-macos-arm64, r-oldrel-windows-x86_64

Version: 1.0.2
Check: Rd cross-references
Result: NOTE Package unavailable to check Rd xrefs: ‘INLA’ Flavors: r-devel-linux-x86_64-debian-gcc, r-devel-windows-x86_64, r-patched-linux-x86_64, r-release-macos-arm64, r-release-windows-x86_64, r-oldrel-macos-arm64, r-oldrel-windows-x86_64

Version: 1.0.2
Check: installed package size
Result: NOTE installed size is 5.0Mb sub-directories of 1Mb or more: data 2.6Mb Flavor: r-devel-linux-x86_64-fedora-clang

Version: 1.0
Check: package dependencies
Result: NOTE Package suggested but not available for checking: ‘INLA’ Flavor: r-oldrel-macos-x86_64

Version: 1.0
Check: Rd cross-references
Result: NOTE Package unavailable to check Rd xrefs: ‘INLA’ Flavor: r-oldrel-macos-x86_64