Last updated on 2023-06-05 20:57:55 CEST.
Flavor | Version | Tinstall | Tcheck | Ttotal | Status | Flags |
---|---|---|---|---|---|---|
r-devel-linux-x86_64-debian-clang | 1.1-3 | 35.14 | 614.91 | 650.05 | OK | |
r-devel-linux-x86_64-debian-gcc | 1.1-3 | 44.51 | 446.35 | 490.86 | OK | |
r-devel-linux-x86_64-fedora-clang | 1.1-3 | 605.90 | NOTE | |||
r-devel-linux-x86_64-fedora-gcc | 1.1-3 | 813.40 | NOTE | |||
r-devel-windows-x86_64 | 1.1-3 | 35.00 | 413.00 | 448.00 | OK | |
r-patched-linux-x86_64 | 1.1-3 | 34.19 | 587.16 | 621.35 | OK | |
r-release-linux-x86_64 | 1.1-3 | 34.04 | 583.11 | 617.15 | OK | |
r-release-macos-arm64 | 1.1-3 | 226.00 | OK | |||
r-release-macos-x86_64 | 1.1-3 | 382.00 | OK | |||
r-release-windows-x86_64 | 1.1-3 | 38.00 | 534.00 | 572.00 | OK | |
r-oldrel-macos-arm64 | 1.1-3 | 135.00 | OK | |||
r-oldrel-macos-x86_64 | 1.1-3 | 245.00 | OK | |||
r-oldrel-windows-x86_64 | 1.1-3 | 39.00 | 519.00 | 558.00 | OK |
Version: 1.1-3
Check: dependencies in R code
Result: NOTE
Namespace in Imports field not imported from: ‘Matrix’
All declared Imports should be used.
Flavors: r-devel-linux-x86_64-fedora-clang, r-devel-linux-x86_64-fedora-gcc