Last updated on 2023-12-08 18:55:54 CET.
Flavor | Version | Tinstall | Tcheck | Ttotal | Status | Flags |
---|---|---|---|---|---|---|
r-devel-linux-x86_64-debian-clang | 1.2.1 | 12.17 | 64.72 | 76.89 | OK | |
r-devel-linux-x86_64-debian-gcc | 1.2.1 | 9.54 | 50.33 | 59.87 | OK | |
r-devel-linux-x86_64-fedora-clang | 1.2.1 | 97.40 | OK | |||
r-devel-linux-x86_64-fedora-gcc | 1.2.1 | 97.63 | OK | |||
r-devel-windows-x86_64 | 1.2.1 | 17.00 | 88.00 | 105.00 | WARN | |
r-patched-linux-x86_64 | 1.2.1 | 14.26 | 64.84 | 79.10 | OK | |
r-release-linux-x86_64 | 1.2.1 | 12.30 | 64.34 | 76.64 | OK | |
r-release-macos-arm64 | 1.2.1 | 48.00 | OK | |||
r-release-macos-x86_64 | 1.2.1 | 93.00 | OK | |||
r-release-windows-x86_64 | 1.2.1 | 20.00 | 102.00 | 122.00 | OK | |
r-oldrel-macos-arm64 | 1.2.1 | 52.00 | OK | |||
r-oldrel-macos-x86_64 | 1.2.1 | 68.00 | OK | |||
r-oldrel-windows-x86_64 | 1.2.1 | 21.00 | 91.00 | 112.00 | OK |
Version: 1.2.1
Check: whether package can be installed
Result: WARN
Found the following significant warnings:
errors.c:59:28: warning: format '%d' expects argument of type 'int', but argument 3 has type 'DWORD' {aka 'long unsigned int'} [-Wformat=]
See 'd:/Rcompile/CRANpkg/local/4.4/webfakes.Rcheck/00install.out' for details.
* used C compiler: 'gcc.exe (GCC) 12.3.0'
Flavor: r-devel-windows-x86_64