Last updated on 2023-12-02 18:54:01 CET.
Flavor | Version | Tinstall | Tcheck | Ttotal | Status | Flags |
---|---|---|---|---|---|---|
r-devel-linux-x86_64-debian-clang | 0.1.1 | 9.97 | 278.54 | 288.51 | NOTE | |
r-devel-linux-x86_64-debian-gcc | 0.1.1 | 7.53 | 154.64 | 162.17 | NOTE | |
r-devel-linux-x86_64-fedora-clang | 0.1.1 | 316.99 | NOTE | |||
r-devel-linux-x86_64-fedora-gcc | 0.1.1 | 233.95 | NOTE | |||
r-devel-windows-x86_64 | 0.1.1 | 10.00 | 179.00 | 189.00 | NOTE | |
r-patched-linux-x86_64 | 0.1.1 | 10.11 | 191.83 | 201.94 | OK | |
r-release-linux-x86_64 | 0.1.1 | 6.57 | 191.31 | 197.88 | OK | |
r-release-macos-arm64 | 0.1.1 | 71.00 | OK | |||
r-release-macos-x86_64 | 0.1.1 | 112.00 | OK | |||
r-release-windows-x86_64 | 0.1.1 | 13.00 | 220.00 | 233.00 | OK | |
r-oldrel-macos-arm64 | 0.1.1 | 62.00 | OK | |||
r-oldrel-macos-x86_64 | 0.1.1 | 99.00 | OK | |||
r-oldrel-windows-x86_64 | 0.1.1 | 15.00 | 199.00 | 214.00 | OK |
Version: 0.1.1
Check: Rd files
Result: NOTE
checkRd: (-1) image_func.Rd:20: Lost braces; missing escapes or markup?
20 | This is a convenience function for applying {magick} functions that take an image as the first argument and return an image. It's fully vectorised, so you can set separate argument values for each image.
| ^
Flavors: r-devel-linux-x86_64-debian-clang, r-devel-linux-x86_64-debian-gcc
Version: 0.1.1
Check: Rd \usage sections
Result: NOTE
Documented arguments not in \usage in Rd file 'read_img.Rd':
‘imgfile’
Functions with \usage entries need to have the appropriate \alias
entries, and all their arguments documented.
The \usage entries must correspond to syntactically valid R code.
See chapter ‘Writing R documentation files’ in the ‘Writing R
Extensions’ manual.
Flavors: r-devel-linux-x86_64-debian-clang, r-devel-linux-x86_64-debian-gcc, r-devel-linux-x86_64-fedora-clang, r-devel-linux-x86_64-fedora-gcc, r-devel-windows-x86_64
Version: 0.1.1
Check: Rd cross-references
Result: NOTE
Undeclared package ‘purrr’ in Rd xrefs
Flavor: r-devel-linux-x86_64-fedora-clang