CRAN Package Check Results for Package webr

Last updated on 2024-06-12 20:59:20 CEST.

Flavor Version Tinstall Tcheck Ttotal Status Flags
r-devel-linux-x86_64-debian-clang 0.1.5 14.16 148.39 162.55 NOTE
r-devel-linux-x86_64-debian-gcc 0.1.5 0.47 1.90 2.37 ERROR
r-devel-linux-x86_64-fedora-clang 0.1.5 197.90 NOTE
r-devel-linux-x86_64-fedora-gcc 0.1.5 197.97 NOTE
r-devel-windows-x86_64 0.1.5 13.00 123.00 136.00 NOTE
r-patched-linux-x86_64 0.1.5 13.84 136.22 150.06 NOTE
r-release-linux-x86_64 0.1.5 11.86 144.02 155.88 NOTE
r-release-macos-arm64 0.1.5 60.00 NOTE
r-release-macos-x86_64 0.1.5 89.00 NOTE
r-release-windows-x86_64 0.1.5 15.00 129.00 144.00 NOTE
r-oldrel-macos-arm64 0.1.5 63.00 NOTE
r-oldrel-macos-x86_64 0.1.5 101.00 NOTE
r-oldrel-windows-x86_64 0.1.5 18.00 144.00 162.00 NOTE

Check Details

Version: 0.1.5
Check: LazyData
Result: NOTE 'LazyData' is specified without a 'data' directory Flavors: r-devel-linux-x86_64-debian-clang, r-devel-linux-x86_64-fedora-clang, r-devel-linux-x86_64-fedora-gcc, r-devel-windows-x86_64, r-patched-linux-x86_64, r-release-linux-x86_64, r-release-macos-arm64, r-release-macos-x86_64, r-release-windows-x86_64, r-oldrel-macos-arm64, r-oldrel-macos-x86_64, r-oldrel-windows-x86_64

Version: 0.1.5
Check: package dependencies
Result: ERROR Packages required but not available: 'moonBook', 'ggplot2', 'stringr', 'rrtable', 'dplyr', 'tibble', 'purrr', 'tidyr', 'tidyselect', 'ztable', 'ggforce' Package suggested but not available for checking: ‘testthat’ See section ‘The DESCRIPTION file’ in the ‘Writing R Extensions’ manual. Flavor: r-devel-linux-x86_64-debian-gcc

Version: 0.1.5
Check: dependencies in R code
Result: NOTE Namespaces in Imports field not imported from: ‘shiny’ ‘tidyselect’ All declared Imports should be used. Flavors: r-devel-linux-x86_64-fedora-clang, r-devel-linux-x86_64-fedora-gcc