Last updated on 2023-11-28 18:49:38 CET.
Flavor | Version | Tinstall | Tcheck | Ttotal | Status | Flags |
---|---|---|---|---|---|---|
r-devel-linux-x86_64-debian-clang | 0.1.2 | 1.82 | 27.96 | 29.78 | OK | |
r-devel-linux-x86_64-debian-gcc | 0.1.2 | 1.47 | 21.36 | 22.83 | OK | |
r-devel-linux-x86_64-fedora-clang | 0.1.2 | 40.13 | NOTE | |||
r-devel-linux-x86_64-fedora-gcc | 0.1.2 | 47.00 | NOTE | |||
r-devel-windows-x86_64 | 0.1.2 | 3.00 | 42.00 | 45.00 | OK | |
r-patched-linux-x86_64 | 0.1.2 | 1.44 | 26.90 | 28.34 | OK | |
r-release-linux-x86_64 | 0.1.2 | 2.04 | 27.15 | 29.19 | OK | |
r-release-macos-arm64 | 0.1.2 | 22.00 | OK | |||
r-release-macos-x86_64 | 0.1.2 | 34.00 | OK | |||
r-release-windows-x86_64 | 0.1.2 | 4.00 | 45.00 | 49.00 | OK | |
r-oldrel-macos-arm64 | 0.1.2 | 23.00 | OK | |||
r-oldrel-macos-x86_64 | 0.1.2 | 25.00 | NOTE | |||
r-oldrel-windows-x86_64 | 0.1.2 | 4.00 | 48.00 | 52.00 | OK |
Version: 0.1.2
Check: data for non-ASCII characters
Result: NOTE
Note: found 1 marked UTF-8 string
Flavors: r-devel-linux-x86_64-fedora-clang, r-devel-linux-x86_64-fedora-gcc, r-oldrel-macos-x86_64