CRAN Package Check Results for Package workflows

Last updated on 2024-02-20 18:49:39 CET.

Flavor Version Tinstall Tcheck Ttotal Status Flags
r-devel-linux-x86_64-debian-clang 1.1.4 OK
r-devel-linux-x86_64-debian-gcc 1.1.4 6.34 73.56 79.90 OK
r-devel-linux-x86_64-fedora-clang 1.1.4 128.93 OK
r-devel-linux-x86_64-fedora-gcc 1.1.4 136.05 OK
r-devel-windows-x86_64 1.1.3 8.00 91.00 99.00 ERROR
r-patched-linux-x86_64 1.1.3 8.97 89.14 98.11 OK
r-release-linux-x86_64 1.1.3 7.98 91.00 98.98 ERROR
r-release-macos-arm64 1.1.4 63.00 OK
r-release-macos-x86_64 1.1.4 99.00 OK
r-release-windows-x86_64 1.1.4 10.00 91.00 101.00 OK
r-oldrel-macos-arm64 1.1.4 44.00 OK
r-oldrel-windows-x86_64 1.1.3 10.00 109.00 119.00 ERROR

Check Details

Version: 1.1.3
Check: tests
Result: ERROR Running 'testthat.R' [15s] Running the tests in 'tests/testthat.R' failed. Complete output: > library(testthat) > library(workflows) > > test_check("workflows") [ FAIL 1 | WARN 0 | SKIP 89 | PASS 233 ] ══ Skipped tests (89) ══════════════════════════════════════════════════════════ • On CRAN (82): 'test-broom.R:6:3', 'test-broom.R:12:3', 'test-broom.R:50:3', 'test-broom.R:79:3', 'test-butcher.R:19:3', 'test-control.R:10:3', 'test-extract.R:41:3', 'test-extract.R:45:3', 'test-extract.R:64:3', 'test-extract.R:68:3', 'test-extract.R:91:3', 'test-extract.R:95:3', 'test-extract.R:139:3', 'test-extract.R:143:3', 'test-extract.R:168:3', 'test-extract.R:173:3', 'test-extract.R:182:3', 'test-extract.R:186:3', 'test-fit-action-model.R:12:3', 'test-fit-action-model.R:20:3', 'test-fit-action-model.R:31:3', 'test-fit-action-model.R:42:3', 'test-fit.R:49:3', 'test-fit.R:62:3', 'test-fit.R:74:3', 'test-fit.R:83:3', 'test-fit.R:209:3', 'test-pre-action-case-weights.R:199:3', 'test-pre-action-case-weights.R:240:3', 'test-pre-action-case-weights.R:337:3', 'test-pre-action-case-weights.R:360:3', 'test-pre-action-case-weights.R:384:3', 'test-pre-action-case-weights.R:494:3', 'test-pre-action-case-weights.R:508:3', 'test-pre-action-formula.R:9:3', 'test-pre-action-formula.R:18:3', 'test-pre-action-formula.R:25:3', 'test-pre-action-formula.R:53:3', 'test-pre-action-formula.R:147:3', 'test-pre-action-formula.R:157:3', 'test-pre-action-recipe.R:11:3', 'test-pre-action-recipe.R:20:3', 'test-pre-action-recipe.R:29:3', 'test-pre-action-recipe.R:138:3', 'test-pre-action-recipe.R:166:3', 'test-pre-action-variables.R:27:3', 'test-pre-action-variables.R:34:3', 'test-pre-action-variables.R:38:3', 'test-pre-action-variables.R:205:3', 'test-pre-action-variables.R:264:3', 'test-predict.R:18:3', 'test-printing.R:2:3', 'test-printing.R:7:3', 'test-printing.R:11:3', 'test-printing.R:15:3', 'test-printing.R:22:3', 'test-printing.R:29:3', 'test-printing.R:40:3', 'test-printing.R:57:3', 'test-printing.R:68:3', 'test-printing.R:80:3', 'test-pull.R:47:3', 'test-pull.R:53:3', 'test-pull.R:60:3', 'test-pull.R:83:3', 'test-pull.R:89:3', 'test-pull.R:98:3', 'test-pull.R:125:3', 'test-pull.R:131:3', 'test-pull.R:144:3', 'test-pull.R:173:3', 'test-pull.R:179:3', 'test-pull.R:192:3', 'test-pull.R:223:3', 'test-pull.R:234:3', 'test-pull.R:240:3', 'test-pull.R:255:3', 'test-workflow.R:26:3', 'test-workflow.R:53:3', 'test-workflow.R:57:3', 'test-workflow.R:64:3', 'test-workflow.R:89:3' • broom cannot be loaded (7): 'test-broom.R:22:3', 'test-broom.R:54:3', 'test-broom.R:83:3', 'test-broom.R:106:3', 'test-broom.R:126:3', 'test-broom.R:145:3', 'test-broom.R:168:3' ══ Failed tests ════════════════════════════════════════════════════════════════ ── Failure ('test-predict.R:152:3'): monitoring: known that parsnip removes blueprint intercept for some models (tidymodels/parsnip#353) ── `predict(fit_with_intercept, mtcars)` did not throw the expected error. [ FAIL 1 | WARN 0 | SKIP 89 | PASS 233 ] Error: Test failures Execution halted Flavor: r-devel-windows-x86_64

Version: 1.1.3
Check: tests
Result: ERROR Running ‘testthat.R’ [24s/27s] Running the tests in ‘tests/testthat.R’ failed. Complete output: > library(testthat) > library(workflows) > > test_check("workflows") [ FAIL 1 | WARN 0 | SKIP 89 | PASS 233 ] ══ Skipped tests (89) ══════════════════════════════════════════════════════════ • On CRAN (82): 'test-broom.R:6:3', 'test-broom.R:12:3', 'test-broom.R:50:3', 'test-broom.R:79:3', 'test-butcher.R:19:3', 'test-control.R:10:3', 'test-extract.R:41:3', 'test-extract.R:45:3', 'test-extract.R:64:3', 'test-extract.R:68:3', 'test-extract.R:91:3', 'test-extract.R:95:3', 'test-extract.R:139:3', 'test-extract.R:143:3', 'test-extract.R:168:3', 'test-extract.R:173:3', 'test-extract.R:182:3', 'test-extract.R:186:3', 'test-fit-action-model.R:12:3', 'test-fit-action-model.R:20:3', 'test-fit-action-model.R:31:3', 'test-fit-action-model.R:42:3', 'test-fit.R:49:3', 'test-fit.R:62:3', 'test-fit.R:74:3', 'test-fit.R:83:3', 'test-fit.R:209:3', 'test-pre-action-case-weights.R:199:3', 'test-pre-action-case-weights.R:240:3', 'test-pre-action-case-weights.R:337:3', 'test-pre-action-case-weights.R:360:3', 'test-pre-action-case-weights.R:384:3', 'test-pre-action-case-weights.R:494:3', 'test-pre-action-case-weights.R:508:3', 'test-pre-action-formula.R:9:3', 'test-pre-action-formula.R:18:3', 'test-pre-action-formula.R:25:3', 'test-pre-action-formula.R:53:3', 'test-pre-action-formula.R:147:3', 'test-pre-action-formula.R:157:3', 'test-pre-action-recipe.R:11:3', 'test-pre-action-recipe.R:20:3', 'test-pre-action-recipe.R:29:3', 'test-pre-action-recipe.R:138:3', 'test-pre-action-recipe.R:166:3', 'test-pre-action-variables.R:27:3', 'test-pre-action-variables.R:34:3', 'test-pre-action-variables.R:38:3', 'test-pre-action-variables.R:205:3', 'test-pre-action-variables.R:264:3', 'test-predict.R:18:3', 'test-printing.R:2:3', 'test-printing.R:7:3', 'test-printing.R:11:3', 'test-printing.R:15:3', 'test-printing.R:22:3', 'test-printing.R:29:3', 'test-printing.R:40:3', 'test-printing.R:57:3', 'test-printing.R:68:3', 'test-printing.R:80:3', 'test-pull.R:47:3', 'test-pull.R:53:3', 'test-pull.R:60:3', 'test-pull.R:83:3', 'test-pull.R:89:3', 'test-pull.R:98:3', 'test-pull.R:125:3', 'test-pull.R:131:3', 'test-pull.R:144:3', 'test-pull.R:173:3', 'test-pull.R:179:3', 'test-pull.R:192:3', 'test-pull.R:223:3', 'test-pull.R:234:3', 'test-pull.R:240:3', 'test-pull.R:255:3', 'test-workflow.R:26:3', 'test-workflow.R:53:3', 'test-workflow.R:57:3', 'test-workflow.R:64:3', 'test-workflow.R:89:3' • broom cannot be loaded (7): 'test-broom.R:22:3', 'test-broom.R:54:3', 'test-broom.R:83:3', 'test-broom.R:106:3', 'test-broom.R:126:3', 'test-broom.R:145:3', 'test-broom.R:168:3' ══ Failed tests ════════════════════════════════════════════════════════════════ ── Failure ('test-predict.R:152:3'): monitoring: known that parsnip removes blueprint intercept for some models (tidymodels/parsnip#353) ── `predict(fit_with_intercept, mtcars)` did not throw the expected error. [ FAIL 1 | WARN 0 | SKIP 89 | PASS 233 ] Error: Test failures Execution halted Flavor: r-release-linux-x86_64

Version: 1.1.3
Check: tests
Result: ERROR Running 'testthat.R' [22s] Running the tests in 'tests/testthat.R' failed. Complete output: > library(testthat) > library(workflows) > > test_check("workflows") [ FAIL 1 | WARN 0 | SKIP 89 | PASS 233 ] ══ Skipped tests (89) ══════════════════════════════════════════════════════════ • On CRAN (82): 'test-broom.R:6:3', 'test-broom.R:12:3', 'test-broom.R:50:3', 'test-broom.R:79:3', 'test-butcher.R:19:3', 'test-control.R:10:3', 'test-extract.R:41:3', 'test-extract.R:45:3', 'test-extract.R:64:3', 'test-extract.R:68:3', 'test-extract.R:91:3', 'test-extract.R:95:3', 'test-extract.R:139:3', 'test-extract.R:143:3', 'test-extract.R:168:3', 'test-extract.R:173:3', 'test-extract.R:182:3', 'test-extract.R:186:3', 'test-fit-action-model.R:12:3', 'test-fit-action-model.R:20:3', 'test-fit-action-model.R:31:3', 'test-fit-action-model.R:42:3', 'test-fit.R:49:3', 'test-fit.R:62:3', 'test-fit.R:74:3', 'test-fit.R:83:3', 'test-fit.R:209:3', 'test-pre-action-case-weights.R:199:3', 'test-pre-action-case-weights.R:240:3', 'test-pre-action-case-weights.R:337:3', 'test-pre-action-case-weights.R:360:3', 'test-pre-action-case-weights.R:384:3', 'test-pre-action-case-weights.R:494:3', 'test-pre-action-case-weights.R:508:3', 'test-pre-action-formula.R:9:3', 'test-pre-action-formula.R:18:3', 'test-pre-action-formula.R:25:3', 'test-pre-action-formula.R:53:3', 'test-pre-action-formula.R:147:3', 'test-pre-action-formula.R:157:3', 'test-pre-action-recipe.R:11:3', 'test-pre-action-recipe.R:20:3', 'test-pre-action-recipe.R:29:3', 'test-pre-action-recipe.R:138:3', 'test-pre-action-recipe.R:166:3', 'test-pre-action-variables.R:27:3', 'test-pre-action-variables.R:34:3', 'test-pre-action-variables.R:38:3', 'test-pre-action-variables.R:205:3', 'test-pre-action-variables.R:264:3', 'test-predict.R:18:3', 'test-printing.R:2:3', 'test-printing.R:7:3', 'test-printing.R:11:3', 'test-printing.R:15:3', 'test-printing.R:22:3', 'test-printing.R:29:3', 'test-printing.R:40:3', 'test-printing.R:57:3', 'test-printing.R:68:3', 'test-printing.R:80:3', 'test-pull.R:47:3', 'test-pull.R:53:3', 'test-pull.R:60:3', 'test-pull.R:83:3', 'test-pull.R:89:3', 'test-pull.R:98:3', 'test-pull.R:125:3', 'test-pull.R:131:3', 'test-pull.R:144:3', 'test-pull.R:173:3', 'test-pull.R:179:3', 'test-pull.R:192:3', 'test-pull.R:223:3', 'test-pull.R:234:3', 'test-pull.R:240:3', 'test-pull.R:255:3', 'test-workflow.R:26:3', 'test-workflow.R:53:3', 'test-workflow.R:57:3', 'test-workflow.R:64:3', 'test-workflow.R:89:3' • broom cannot be loaded (7): 'test-broom.R:22:3', 'test-broom.R:54:3', 'test-broom.R:83:3', 'test-broom.R:106:3', 'test-broom.R:126:3', 'test-broom.R:145:3', 'test-broom.R:168:3' ══ Failed tests ════════════════════════════════════════════════════════════════ ── Failure ('test-predict.R:152:3'): monitoring: known that parsnip removes blueprint intercept for some models (tidymodels/parsnip#353) ── `predict(fit_with_intercept, mtcars)` did not throw the expected error. [ FAIL 1 | WARN 0 | SKIP 89 | PASS 233 ] Error: Test failures Execution halted Flavor: r-oldrel-windows-x86_64