CRAN Package Check Results for Package worldmet

Last updated on 2023-12-05 18:49:42 CET.

Flavor Version Tinstall Tcheck Ttotal Status Flags
r-devel-linux-x86_64-debian-clang 0.9.8 6.48 64.26 70.74 OK
r-devel-linux-x86_64-debian-gcc 0.9.8 4.23 48.16 52.39 OK
r-devel-linux-x86_64-fedora-clang 0.9.8 92.18 NOTE
r-devel-linux-x86_64-fedora-gcc 0.9.8 95.28 OK
r-devel-windows-x86_64 0.9.8 8.00 102.00 110.00 OK
r-patched-linux-x86_64 0.9.8 4.50 60.36 64.86 OK
r-release-linux-x86_64 0.9.8 3.80 61.64 65.44 OK
r-release-macos-arm64 0.9.8 59.00 OK
r-release-macos-x86_64 0.9.8 297.00 OK
r-release-windows-x86_64 0.9.8 10.00 99.00 109.00 OK
r-oldrel-macos-arm64 0.9.8 53.00 OK
r-oldrel-macos-x86_64 0.9.8 63.00 OK
r-oldrel-windows-x86_64 0.9.8 10.00 103.00 113.00 OK

Check Details

Version: 0.9.8
Check: Rd cross-references
Result: NOTE Undeclared package ‘lubridate’ in Rd xrefs Flavor: r-devel-linux-x86_64-fedora-clang