CRAN Package Check Results for Package wpp2010

Last updated on 2025-01-22 20:49:47 CET.

Flavor Version Tinstall Tcheck Ttotal Status Flags
r-devel-linux-x86_64-debian-clang 1.2-0 1.80 23.18 24.98 NOTE
r-devel-linux-x86_64-debian-gcc 1.2-0 1.35 18.91 20.26 NOTE
r-devel-linux-x86_64-fedora-clang 1.2-0 37.93 NOTE
r-devel-linux-x86_64-fedora-gcc 1.2-0 37.37 NOTE
r-devel-windows-x86_64 1.2-0 4.00 49.00 53.00 NOTE
r-patched-linux-x86_64 1.2-0 1.85 22.46 24.31 NOTE
r-release-linux-x86_64 1.2-0 1.66 22.11 23.77 NOTE
r-release-macos-arm64 1.2-0 17.00 NOTE
r-release-macos-x86_64 1.2-0 24.00 NOTE
r-release-windows-x86_64 1.2-0 4.00 47.00 51.00 NOTE
r-oldrel-macos-arm64 1.2-0 19.00 NOTE
r-oldrel-macos-x86_64 1.2-0 25.00 NOTE
r-oldrel-windows-x86_64 1.2-0 4.00 48.00 52.00 NOTE

Check Details

Version: 1.2-0
Check: DESCRIPTION meta-information
Result: NOTE Malformed Description field: should contain one or more complete sentences. Flavors: r-devel-linux-x86_64-debian-clang, r-devel-linux-x86_64-debian-gcc, r-devel-linux-x86_64-fedora-clang, r-devel-linux-x86_64-fedora-gcc, r-devel-windows-x86_64, r-patched-linux-x86_64, r-release-linux-x86_64, r-release-macos-arm64, r-release-macos-x86_64, r-release-windows-x86_64, r-oldrel-macos-arm64, r-oldrel-macos-x86_64, r-oldrel-windows-x86_64

Version: 1.2-0
Check: installed package size
Result: NOTE installed size is 6.7Mb sub-directories of 1Mb or more: data 6.6Mb Flavors: r-release-macos-arm64, r-release-macos-x86_64, r-release-windows-x86_64, r-oldrel-macos-arm64, r-oldrel-macos-x86_64, r-oldrel-windows-x86_64