Last updated on 2025-01-24 18:50:00 CET.
Flavor | Version | Tinstall | Tcheck | Ttotal | Status | Flags |
---|---|---|---|---|---|---|
r-devel-linux-x86_64-debian-clang | 1.1-1 | 2.27 | 43.33 | 45.60 | OK | |
r-devel-linux-x86_64-debian-gcc | 1.1-1 | 1.73 | 32.69 | 34.42 | OK | |
r-devel-linux-x86_64-fedora-clang | 1.1-1 | 63.50 | OK | |||
r-devel-linux-x86_64-fedora-gcc | 1.1-1 | 61.15 | OK | |||
r-devel-windows-x86_64 | 1.1-1 | 6.00 | 63.00 | 69.00 | OK | |
r-patched-linux-x86_64 | 1.1-1 | 2.90 | 39.79 | 42.69 | OK | |
r-release-linux-x86_64 | 1.1-1 | 2.00 | 40.52 | 42.52 | OK | |
r-release-macos-arm64 | 1.1-1 | 23.00 | NOTE | |||
r-release-macos-x86_64 | 1.1-1 | 47.00 | NOTE | |||
r-release-windows-x86_64 | 1.1-1 | 6.00 | 63.00 | 69.00 | NOTE | |
r-oldrel-macos-arm64 | 1.1-1 | 26.00 | NOTE | |||
r-oldrel-macos-x86_64 | 1.1-1 | 38.00 | NOTE | |||
r-oldrel-windows-x86_64 | 1.1-1 | 6.00 | 69.00 | 75.00 | NOTE |
Version: 1.1-1
Check: installed package size
Result: NOTE
installed size is 11.4Mb
sub-directories of 1Mb or more:
data 11.3Mb
Flavors: r-release-macos-arm64, r-release-macos-x86_64, r-release-windows-x86_64, r-oldrel-macos-arm64, r-oldrel-macos-x86_64, r-oldrel-windows-x86_64