CRAN Package Check Results for Package wsrf

Last updated on 2024-07-13 19:54:18 CEST.

Flavor Version Tinstall Tcheck Ttotal Status Flags
r-devel-linux-x86_64-debian-clang 1.7.30 86.79 40.35 127.14 NOTE
r-devel-linux-x86_64-debian-gcc 1.7.30 61.42 30.90 92.32 NOTE
r-devel-linux-x86_64-fedora-clang 1.7.30 198.50 NOTE
r-devel-linux-x86_64-fedora-gcc 1.7.30 210.20 NOTE
r-devel-windows-x86_64 1.7.30 70.00 77.00 147.00 NOTE
r-patched-linux-x86_64 1.7.30 76.39 37.99 114.38 NOTE
r-release-linux-x86_64 1.7.30 78.00 37.18 115.18 NOTE
r-release-macos-arm64 1.7.30 46.00 NOTE
r-release-macos-x86_64 1.7.30 55.00 NOTE
r-release-windows-x86_64 1.7.30 72.00 79.00 151.00 NOTE
r-oldrel-macos-arm64 1.7.30 55.00 NOTE
r-oldrel-macos-x86_64 1.7.30 93.00 NOTE
r-oldrel-windows-x86_64 1.7.30 68.00 88.00 156.00 NOTE

Check Details

Version: 1.7.30
Check: C++ specification
Result: NOTE Specified C++11: please drop specification unless essential Flavors: r-devel-linux-x86_64-debian-clang, r-devel-linux-x86_64-debian-gcc, r-devel-linux-x86_64-fedora-clang, r-devel-linux-x86_64-fedora-gcc, r-devel-windows-x86_64, r-patched-linux-x86_64, r-release-linux-x86_64, r-release-macos-arm64, r-release-macos-x86_64, r-release-windows-x86_64, r-oldrel-macos-arm64, r-oldrel-macos-x86_64, r-oldrel-windows-x86_64