CRAN Package Check Results for Package xgboost

Last updated on 2024-02-22 18:50:42 CET.

Flavor Version Tinstall Tcheck Ttotal Status Flags
r-devel-linux-x86_64-debian-clang 1.7.7.1 NOTE
r-devel-linux-x86_64-debian-gcc 1.7.7.1 618.27 268.40 886.67 NOTE
r-devel-linux-x86_64-fedora-clang 1.7.7.1 1342.06 NOTE
r-devel-linux-x86_64-fedora-gcc 1.7.7.1 1492.61 NOTE
r-devel-windows-x86_64 1.7.7.1 537.00 291.00 828.00 NOTE
r-patched-linux-x86_64 1.7.7.1 760.89 340.26 1101.15 NOTE
r-release-linux-x86_64 1.7.7.1 737.15 338.40 1075.55 NOTE
r-release-macos-arm64 1.7.7.1 335.00 NOTE
r-release-macos-x86_64 1.7.7.1 561.00 NOTE
r-release-windows-x86_64 1.7.7.1 668.00 417.00 1085.00 NOTE
r-oldrel-macos-arm64 1.7.7.1 316.00 NOTE
r-oldrel-windows-x86_64 1.7.7.1 633.00 387.00 1020.00 NOTE

Check Details

Version: 1.7.7.1
Check: for GNU extensions in Makefiles
Result: NOTE GNU make is a SystemRequirements. Flavors: r-devel-linux-x86_64-debian-clang, r-devel-linux-x86_64-debian-gcc, r-devel-linux-x86_64-fedora-clang, r-devel-linux-x86_64-fedora-gcc, r-devel-windows-x86_64, r-patched-linux-x86_64, r-release-linux-x86_64, r-release-macos-arm64, r-release-macos-x86_64, r-release-windows-x86_64, r-oldrel-macos-arm64, r-oldrel-windows-x86_64

Version: 1.7.7.1
Check: installed package size
Result: NOTE installed size is 5.7Mb sub-directories of 1Mb or more: libs 4.8Mb Flavors: r-devel-linux-x86_64-fedora-clang, r-devel-windows-x86_64, r-release-macos-arm64, r-release-macos-x86_64, r-release-windows-x86_64, r-oldrel-macos-arm64, r-oldrel-windows-x86_64