CRAN Package Check Results for Package xgboost

Last updated on 2024-07-24 20:52:38 CEST.

Flavor Version Tinstall Tcheck Ttotal Status Flags
r-devel-linux-x86_64-debian-clang 1.7.7.1 623.45 333.42 956.87 NOTE
r-devel-linux-x86_64-debian-gcc 1.7.7.1 531.20 262.48 793.68 NOTE
r-devel-linux-x86_64-fedora-clang 1.7.7.1 1413.46 NOTE
r-devel-linux-x86_64-fedora-gcc 1.7.7.1 1643.38 WARN
r-devel-windows-x86_64 1.7.7.1 579.00 287.00 866.00 NOTE
r-patched-linux-x86_64 1.7.7.1 668.73 343.15 1011.88 NOTE
r-release-linux-x86_64 1.7.7.1 666.91 336.30 1003.21 NOTE
r-release-macos-arm64 1.7.7.1 335.00 NOTE
r-release-macos-x86_64 1.7.7.1 328.00 WARN
r-release-windows-x86_64 1.7.7.1 562.00 308.00 870.00 NOTE
r-oldrel-macos-arm64 1.7.7.1 335.00 NOTE
r-oldrel-macos-x86_64 1.7.7.1 561.00 NOTE
r-oldrel-windows-x86_64 1.7.7.1 541.00 401.00 942.00 NOTE

Additional issues

gcc12 noRemap

Check Details

Version: 1.7.7.1
Check: for GNU extensions in Makefiles
Result: NOTE GNU make is a SystemRequirements. Flavors: r-devel-linux-x86_64-debian-clang, r-devel-linux-x86_64-debian-gcc, r-devel-linux-x86_64-fedora-clang, r-devel-linux-x86_64-fedora-gcc, r-devel-windows-x86_64, r-patched-linux-x86_64, r-release-linux-x86_64, r-release-macos-arm64, r-release-macos-x86_64, r-release-windows-x86_64, r-oldrel-macos-arm64, r-oldrel-macos-x86_64, r-oldrel-windows-x86_64

Version: 1.7.7.1
Check: installed package size
Result: NOTE installed size is 5.7Mb sub-directories of 1Mb or more: libs 4.8Mb Flavors: r-devel-linux-x86_64-fedora-clang, r-devel-windows-x86_64, r-release-macos-arm64, r-release-macos-x86_64, r-release-windows-x86_64, r-oldrel-macos-arm64, r-oldrel-macos-x86_64, r-oldrel-windows-x86_64

Version: 1.7.7.1
Check: whether package can be installed
Result: WARN Found the following significant warnings: ./include/xgboost/parameter.h:56:24: warning: template-id not allowed for constructor in C++20 [-Wtemplate-id-cdtor] See ‘/data/gannet/ripley/R/packages/tests-devel/xgboost.Rcheck/00install.out’ for details. * used C compiler: ‘gcc-14 (GCC) 14.1.0’ * used C++ compiler: ‘g++-14 (GCC) 14.1.0’ Flavor: r-devel-linux-x86_64-fedora-gcc

Version: 1.7.7.1
Check: re-building of vignette outputs
Result: WARN Error(s) in re-building vignettes: --- re-building ‘discoverYourData.Rmd’ using rmarkdown --- finished re-building ‘discoverYourData.Rmd’ --- re-building ‘xgboostPresentation.Rmd’ using rmarkdown --- finished re-building ‘xgboostPresentation.Rmd’ --- re-building ‘xgboostfromJSON.Rmd’ using rmarkdown --- finished re-building ‘xgboostfromJSON.Rmd’ --- re-building ‘xgboost.Rnw’ using knitr Error: processing vignette 'xgboost.Rnw' failed with diagnostics: Running 'texi2dvi' on 'xgboost.tex' failed. LaTeX errors: ! Undefined control sequence. l.130 \hlkwd{library}\hldef {(xgboost)} ? ! Emergency stop. ! Emergency stop. l.130 End of file on the terminal! ! ==> Fatal error occurred, no output PDF file produced! --- failed re-building ‘xgboost.Rnw’ SUMMARY: processing the following file failed: ‘xgboost.Rnw’ Error: Vignette re-building failed. Execution halted Flavor: r-release-macos-x86_64