CRAN Package Check Results for Package xlsx2dfs

Last updated on 2024-07-24 20:52:38 CEST.

Flavor Version Tinstall Tcheck Ttotal Status Flags
r-devel-linux-x86_64-debian-clang 0.1.0 2.74 38.44 41.18 NOTE
r-devel-linux-x86_64-debian-gcc 0.1.0 2.18 29.25 31.43 NOTE
r-devel-linux-x86_64-fedora-clang 0.1.0 53.35 NOTE
r-devel-linux-x86_64-fedora-gcc 0.1.0 64.96 NOTE
r-devel-windows-x86_64 0.1.0 4.00 56.00 60.00 NOTE
r-patched-linux-x86_64 0.1.0 2.96 36.18 39.14 NOTE
r-release-linux-x86_64 0.1.0 2.63 36.47 39.10 NOTE
r-release-macos-arm64 0.1.0 24.00 NOTE
r-release-macos-x86_64 0.1.0 37.00 NOTE
r-release-windows-x86_64 0.1.0 3.00 55.00 58.00 NOTE
r-oldrel-macos-arm64 0.1.0 28.00 NOTE
r-oldrel-macos-x86_64 0.1.0 40.00 NOTE
r-oldrel-windows-x86_64 0.1.0 4.00 54.00 58.00 NOTE

Check Details

Version: 0.1.0
Check: LazyData
Result: NOTE 'LazyData' is specified without a 'data' directory Flavors: r-devel-linux-x86_64-debian-clang, r-devel-linux-x86_64-debian-gcc, r-devel-linux-x86_64-fedora-clang, r-devel-linux-x86_64-fedora-gcc, r-devel-windows-x86_64, r-patched-linux-x86_64, r-release-linux-x86_64, r-release-macos-arm64, r-release-macos-x86_64, r-release-windows-x86_64, r-oldrel-macos-arm64, r-oldrel-macos-x86_64, r-oldrel-windows-x86_64