CRAN Package Check Results for Package xplorerr

Last updated on 2024-02-27 18:49:33 CET.

Flavor Version Tinstall Tcheck Ttotal Status Flags
r-devel-linux-x86_64-debian-clang 0.1.2 31.56 31.66 63.22 NOTE
r-devel-linux-x86_64-debian-gcc 0.1.2 20.89 24.51 45.40 NOTE
r-devel-linux-x86_64-fedora-clang 0.1.2 89.27 NOTE
r-devel-linux-x86_64-fedora-gcc 0.1.2 78.51 NOTE
r-devel-windows-x86_64 0.1.2 26.00 61.00 87.00 OK
r-patched-linux-x86_64 0.1.2 28.33 30.49 58.82 NOTE
r-release-linux-x86_64 0.1.2 27.15 30.76 57.91 NOTE
r-release-macos-arm64 0.1.2 27.00 OK
r-release-macos-x86_64 0.1.2 39.00 OK
r-release-windows-x86_64 0.1.2 32.00 69.00 101.00 OK
r-oldrel-macos-arm64 0.1.2 24.00 OK
r-oldrel-windows-x86_64 0.1.2 28.00 67.00 95.00 OK

Check Details

Version: 0.1.2
Check: package dependencies
Result: NOTE Package suggested but not available for checking: ‘rbokeh’ Flavors: r-devel-linux-x86_64-debian-clang, r-devel-linux-x86_64-debian-gcc, r-devel-linux-x86_64-fedora-clang, r-devel-linux-x86_64-fedora-gcc, r-patched-linux-x86_64, r-release-linux-x86_64