CRAN Package Check Results for Package xtable

Last updated on 2023-09-20 20:51:51 CEST.

Flavor Version Tinstall Tcheck Ttotal Status Flags
r-devel-linux-x86_64-debian-clang 1.8-4 3.21 65.84 69.05 NOTE
r-devel-linux-x86_64-debian-gcc 1.8-4 2.20 49.58 51.78 NOTE
r-devel-linux-x86_64-fedora-clang 1.8-4 92.37 NOTE
r-devel-linux-x86_64-fedora-gcc 1.8-4 96.19 NOTE
r-devel-windows-x86_64 1.8-4 8.00 115.00 123.00 OK
r-patched-linux-x86_64 1.8-4 3.63 62.98 66.61 NOTE
r-release-linux-x86_64 1.8-4 2.85 63.57 66.42 NOTE
r-release-macos-arm64 1.8-4 57.00 OK
r-release-macos-x86_64 1.8-4 61.00 OK
r-release-windows-x86_64 1.8-4 9.00 109.00 118.00 OK
r-oldrel-macos-arm64 1.8-4 46.00 OK
r-oldrel-macos-x86_64 1.8-4 61.00 OK
r-oldrel-windows-x86_64 1.8-4 11.00 115.00 126.00 OK

Check Details

Version: 1.8-4
Check: for non-standard things in the check directory
Result: NOTE
    Found the following files/directories:
     ‘xtable.html’ ‘xtable.tex’
Flavors: r-devel-linux-x86_64-debian-clang, r-devel-linux-x86_64-debian-gcc, r-devel-linux-x86_64-fedora-clang, r-devel-linux-x86_64-fedora-gcc, r-patched-linux-x86_64, r-release-linux-x86_64