Last updated on 2023-11-28 18:49:38 CET.
Flavor | Version | Tinstall | Tcheck | Ttotal | Status | Flags |
---|---|---|---|---|---|---|
r-devel-linux-x86_64-debian-clang | 0.1.2 | 42.35 | 104.40 | 146.75 | NOTE | |
r-devel-linux-x86_64-debian-gcc | 0.1.2 | 35.71 | 77.44 | 113.15 | NOTE | |
r-devel-linux-x86_64-fedora-clang | 0.1.2 | 202.43 | NOTE | |||
r-devel-linux-x86_64-fedora-gcc | 0.1.2 | 194.27 | NOTE | |||
r-devel-windows-x86_64 | 0.1.2 | 41.00 | 113.00 | 154.00 | NOTE | |
r-patched-linux-x86_64 | 0.1.2 | 43.60 | 99.40 | 143.00 | NOTE | |
r-release-linux-x86_64 | 0.1.2 | 40.48 | 98.69 | 139.17 | NOTE | |
r-release-macos-arm64 | 0.1.2 | 59.00 | NOTE | |||
r-release-macos-x86_64 | 0.1.2 | 102.00 | NOTE | |||
r-release-windows-x86_64 | 0.1.2 | 52.00 | 133.00 | 185.00 | NOTE | |
r-oldrel-macos-arm64 | 0.1.2 | 61.00 | OK | |||
r-oldrel-macos-x86_64 | 0.1.2 | 77.00 | OK | |||
r-oldrel-windows-x86_64 | 0.1.2 | 48.00 | 127.00 | 175.00 | OK |
Version: 0.1.2
Check: C++ specification
Result: NOTE
Specified C++11: please drop specification unless essential
Flavors: r-devel-linux-x86_64-debian-clang, r-devel-linux-x86_64-debian-gcc, r-devel-linux-x86_64-fedora-clang, r-devel-linux-x86_64-fedora-gcc, r-devel-windows-x86_64, r-patched-linux-x86_64, r-release-linux-x86_64, r-release-macos-arm64, r-release-macos-x86_64, r-release-windows-x86_64