CRAN Package Check Results for Package zeroEQpart

Last updated on 2024-04-22 21:53:05 CEST.

Flavor Version Tinstall Tcheck Ttotal Status Flags
r-devel-linux-x86_64-debian-clang 0.1.0 2.56 29.06 31.62 OK
r-devel-linux-x86_64-debian-gcc 0.1.0 1.92 21.73 23.65 OK
r-devel-linux-x86_64-fedora-clang 0.1.0 39.27 NOTE
r-devel-linux-x86_64-fedora-gcc 0.1.0 37.24 NOTE
r-prerel-macos-arm64 0.1.0 15.00 OK
r-prerel-windows-x86_64 0.1.0 3.00 41.00 44.00 OK
r-patched-linux-x86_64 0.1.0 2.40 27.33 29.73 OK
r-release-linux-x86_64 0.1.0 2.20 27.26 29.46 OK
r-release-macos-arm64 0.1.0 16.00 OK
r-release-macos-x86_64 0.1.0 26.00 OK
r-release-windows-x86_64 0.1.0 2.00 42.00 44.00 OK
r-oldrel-macos-arm64 0.1.0 17.00 OK
r-oldrel-windows-x86_64 0.1.0 3.00 47.00 50.00 OK

Check Details

Version: 0.1.0
Check: dependencies in R code
Result: NOTE Namespace in Imports field not imported from: ‘MASS’ All declared Imports should be used. Flavors: r-devel-linux-x86_64-fedora-clang, r-devel-linux-x86_64-fedora-gcc