Last updated on 2023-12-04 18:52:35 CET.
Flavor | Version | Tinstall | Tcheck | Ttotal | Status | Flags |
---|---|---|---|---|---|---|
r-devel-linux-x86_64-debian-clang | 0.1.0 | 16.40 | 44.13 | 60.53 | OK | |
r-devel-linux-x86_64-debian-gcc | 0.1.0 | 13.81 | 33.89 | 47.70 | OK | |
r-devel-linux-x86_64-fedora-clang | 0.1.0 | 77.35 | NOTE | |||
r-devel-linux-x86_64-fedora-gcc | 0.1.0 | 72.49 | NOTE | |||
r-devel-windows-x86_64 | 0.1.0 | 16.00 | 55.00 | 71.00 | OK | |
r-patched-linux-x86_64 | 0.1.0 | 11.47 | 41.72 | 53.19 | OK | |
r-release-linux-x86_64 | 0.1.0 | 13.20 | 41.97 | 55.17 | OK | |
r-release-macos-arm64 | 0.1.0 | 31.00 | OK | |||
r-release-macos-x86_64 | 0.1.0 | 48.00 | OK | |||
r-release-windows-x86_64 | 0.1.0 | 20.00 | 58.00 | 78.00 | OK | |
r-oldrel-macos-arm64 | 0.1.0 | 35.00 | NOTE | |||
r-oldrel-macos-x86_64 | 0.1.0 | 41.00 | NOTE | |||
r-oldrel-windows-x86_64 | 0.1.0 | 20.00 | 64.00 | 84.00 | OK |
Version: 0.1.0
Check: dependencies in R code
Result: NOTE
Namespace in Imports field not imported from: ‘tidyverse’
All declared Imports should be used.
Flavors: r-devel-linux-x86_64-fedora-clang, r-devel-linux-x86_64-fedora-gcc, r-oldrel-macos-arm64, r-oldrel-macos-x86_64