CRAN Package Check Results for Package zipangu

Last updated on 2024-07-14 20:51:15 CEST.

Flavor Version Tinstall Tcheck Ttotal Status Flags
r-devel-linux-x86_64-debian-clang 0.3.2 3.62 53.77 57.39 NOTE
r-devel-linux-x86_64-debian-gcc 0.3.2 3.16 39.90 43.06 NOTE
r-devel-linux-x86_64-fedora-clang 0.3.2 73.65 NOTE
r-devel-linux-x86_64-fedora-gcc 0.3.2 66.96 NOTE
r-devel-windows-x86_64 0.3.2 6.00 65.00 71.00 NOTE
r-patched-linux-x86_64 0.3.2 3.94 51.43 55.37 NOTE
r-release-linux-x86_64 0.3.2 4.39 52.33 56.72 NOTE
r-release-macos-arm64 0.3.2 25.00 NOTE
r-release-macos-x86_64 0.3.2 38.00 NOTE
r-release-windows-x86_64 0.3.2 6.00 65.00 71.00 NOTE
r-oldrel-macos-arm64 0.3.2 26.00 OK
r-oldrel-macos-x86_64 0.3.2 38.00 OK
r-oldrel-windows-x86_64 0.3.2 6.00 74.00 80.00 OK

Check Details

Version: 0.3.2
Check: Rd files
Result: NOTE checkRd: (-1) label_kansuji.Rd:48: Lost braces; missing escapes or markup? 48 | but if TRUE and installed '{scales}` package, 1.10 will be displayed.} | ^ Flavors: r-devel-linux-x86_64-debian-clang, r-devel-linux-x86_64-debian-gcc, r-devel-linux-x86_64-fedora-clang, r-devel-linux-x86_64-fedora-gcc, r-devel-windows-x86_64, r-patched-linux-x86_64, r-release-linux-x86_64, r-release-macos-arm64, r-release-macos-x86_64, r-release-windows-x86_64

Version: 0.3.2
Check: HTML version of manual
Result: NOTE Found the following HTML validation problems: kana.html:65:1 (kana.Rd:33): Warning: trimming empty <dt> Flavors: r-devel-linux-x86_64-debian-clang, r-devel-linux-x86_64-debian-gcc, r-devel-linux-x86_64-fedora-clang, r-devel-linux-x86_64-fedora-gcc, r-devel-windows-x86_64, r-patched-linux-x86_64, r-release-linux-x86_64, r-release-windows-x86_64

Version: 0.3.2
Check: data for non-ASCII characters
Result: NOTE Note: found 47 marked UTF-8 strings Flavors: r-devel-linux-x86_64-fedora-clang, r-devel-linux-x86_64-fedora-gcc