Last updated on 2023-11-30 18:49:50 CET.
Flavor | Version | Tinstall | Tcheck | Ttotal | Status | Flags |
---|---|---|---|---|---|---|
r-devel-linux-x86_64-debian-clang | 0.6-70 | 8.71 | 112.49 | 121.20 | OK | |
r-devel-linux-x86_64-debian-gcc | 0.6-70 | 7.25 | 87.61 | 94.86 | OK | |
r-devel-linux-x86_64-fedora-clang | 0.6-70 | 154.72 | NOTE | |||
r-devel-linux-x86_64-fedora-gcc | 0.6-70 | 160.33 | NOTE | |||
r-devel-windows-x86_64 | 0.6-70 | 17.00 | 126.00 | 143.00 | OK | |
r-patched-linux-x86_64 | 0.6-70 | 13.01 | 107.30 | 120.31 | OK | |
r-release-linux-x86_64 | 0.6-70 | 9.12 | 107.94 | 117.06 | OK | |
r-release-macos-arm64 | 0.6-70 | 55.00 | OK | |||
r-release-macos-x86_64 | 0.6-70 | 101.00 | OK | |||
r-release-windows-x86_64 | 0.6-70 | 12.00 | 138.00 | 150.00 | OK | |
r-oldrel-macos-arm64 | 0.6-70 | 47.00 | OK | |||
r-oldrel-macos-x86_64 | 0.6-70 | 64.00 | NOTE | |||
r-oldrel-windows-x86_64 | 0.6-70 | 22.00 | 135.00 | 157.00 | OK |
Version: 0.6-70
Check: data for non-ASCII characters
Result: NOTE
Note: found 146804 marked UTF-8 strings
Flavors: r-devel-linux-x86_64-fedora-clang, r-devel-linux-x86_64-fedora-gcc, r-oldrel-macos-x86_64