Last updated on 2023-12-09 18:54:36 CET.
Flavor | Version | Tinstall | Tcheck | Ttotal | Status | Flags |
---|---|---|---|---|---|---|
r-devel-linux-x86_64-debian-clang | 0.2.3 | 1.91 | 35.41 | 37.32 | OK | |
r-devel-linux-x86_64-debian-gcc | 0.2.3 | 1.92 | 27.20 | 29.12 | OK | |
r-devel-linux-x86_64-fedora-clang | 0.2.3 | 45.71 | NOTE | |||
r-devel-linux-x86_64-fedora-gcc | 0.2.3 | 56.18 | OK | |||
r-devel-windows-x86_64 | 0.2.3 | 3.00 | 58.00 | 61.00 | OK | |
r-patched-linux-x86_64 | 0.2.3 | 2.77 | 34.74 | 37.51 | OK | |
r-release-linux-x86_64 | 0.2.3 | 2.17 | 33.32 | 35.49 | OK | |
r-release-macos-arm64 | 0.2.3 | 28.00 | OK | |||
r-release-macos-x86_64 | 0.2.3 | 58.00 | OK | |||
r-release-windows-x86_64 | 0.2.3 | 4.00 | 58.00 | 62.00 | OK | |
r-oldrel-macos-arm64 | 0.2.3 | 22.00 | OK | |||
r-oldrel-macos-x86_64 | 0.2.3 | 30.00 | OK | |||
r-oldrel-windows-x86_64 | 0.2.3 | 4.00 | 52.00 | 56.00 | OK |
Version: 0.2.3
Check: Rd cross-references
Result: NOTE
Undeclared package ‘rlang’ in Rd xrefs
Flavor: r-devel-linux-x86_64-fedora-clang